{"id":3717,"date":"2019-04-15T18:08:11","date_gmt":"2019-04-15T18:08:11","guid":{"rendered":"http:\/\/dicomag.com.br\/?post_type=product&#038;p=3717"},"modified":"2019-04-15T18:34:09","modified_gmt":"2019-04-15T18:34:09","slug":"ima-de-ferrite-anel-36mmx8mm-com-furo-18mm","status":"publish","type":"product","link":"https:\/\/dicomag.com.br\/?product=ima-de-ferrite-anel-36mmx8mm-com-furo-18mm","title":{"rendered":"Im\u00e3 de Ferrite Anel 36mmx8mm com Furo 18mm"},"content":{"rendered":"\r\n<p>Os \u00edm\u00e3s de Ferrite s\u00e3o os mais populares no mundo e um dos mais antigos, ao contr\u00e1rio do que algumas pessoas pensam n\u00e3o s\u00e3o naturais, s\u00e3o<br \/>misturas qu\u00edmicas que resultam em diversos tipos de ferrites, que variam de acordo com a aplica\u00e7\u00e3o. Foi denominado como \u00edm\u00e3 cer\u00e2mico devido<br \/>ao seu processo de fabrica\u00e7\u00e3o ser semelhante ao da cer\u00e2mica convencional.<br \/>Por se tratar de um tipo de Ferrite que pode ser fabricado com diversos tipos de composi\u00e7\u00f5es , alguns possuem campos magn\u00e9ticos consider\u00e1veis<br \/>como os usados em alto-falantes e outros tipos um pouco mais fracos e mais econ\u00f4micos como os usados em \u00edm\u00e3s de geladeira. S\u00e3o muito<br \/>resistentes \u00e0 oxida\u00e7\u00e3o, por isso n\u00e3o necessitam de tratamentos ou acabamentos superficiais. Suportam temperaturas elevadas que podem chegar<br \/>\u00e0 180\u00baC sem perderem seu campo magn\u00e9tico. Podem ser usinados com ferramentas diamantadas, por\u00e9m devido \u00e0 sua dureza s\u00e3o muito<br \/>quebradi\u00e7os<br \/>APLICA\u00c7\u00d5ES DO FERRITE:<br \/>Alto-falantes, Sensores automotivos, Captadores de Guitarra, Equipamentos eletropermanentes, Motores automotivos de partida, Motores de vidros el\u00e9tricos automotivos, Bombas de combust\u00edvel automotivos<\/p>\r\n","protected":false},"excerpt":{"rendered":"<p>Os \u00edm\u00e3s de Ferrite s\u00e3o os mais populares no mundo e um dos mais antigos, ao contr\u00e1rio do que algumas pessoas pensam n\u00e3o s\u00e3o naturais, s\u00e3o<br \/>misturas qu\u00edmicas que resultam em diversos tipos de ferrites, que variam de acordo com a aplica\u00e7\u00e3o. Foi denominado como \u00edm\u00e3 cer\u00e2mico devido<br \/>ao seu processo de fabrica\u00e7\u00e3o ser semelhante ao da cer\u00e2mica convencional.<\/p>\n","protected":false},"featured_media":3700,"comment_status":"open","ping_status":"closed","template":"","meta":[],"product_brand":[],"product_cat":[568,112,104],"product_tag":[292,293,294,296,298,297,295],"class_list":{"0":"post-3717","1":"product","2":"type-product","3":"status-publish","4":"has-post-thumbnail","6":"product_cat-36mmx8mm-com-furo-18mm","7":"product_cat-anel-imas-de-ferrite","8":"product_cat-imas-de-ferrite","9":"product_tag-acionar","10":"product_tag-fechar","11":"product_tag-fixar","12":"product_tag-flutuar","13":"product_tag-pendurar","14":"product_tag-posicionar","15":"product_tag-proteger","16":"pa_pacote-quantidade-1-unidade","17":"pa_pacote-quantidade-10-und","18":"pa_pacote-quantidade-10-unidades","19":"pa_pacote-quantidade-100-unidades","20":"pa_pacote-quantidade-1000-unidades","21":"pa_pacote-quantidade-2-unidades","22":"pa_pacote-quantidade-200-unidades","23":"pa_pacote-quantidade-25-unidades","24":"pa_pacote-quantidade-250-unidades","25":"pa_pacote-quantidade-2500-unidades","26":"pa_pacote-quantidade-30-und","27":"pa_pacote-quantidade-30-unidades","28":"pa_pacote-quantidade-300-unidades","29":"pa_pacote-quantidade-3000-unidades","30":"pa_pacote-quantidade-5-unidades","31":"pa_pacote-quantidade-50-und","32":"pa_pacote-quantidade-50-unidades","33":"pa_pacote-quantidade-500-unidades","34":"pa_pacote-quantidade-5000-unidades","36":"first","37":"instock","38":"sale","39":"taxable","40":"shipping-taxable","41":"purchasable","42":"product-type-variable","43":"has-default-attributes"},"yoast_head":"<!-- This site is optimized with the Yoast SEO plugin v27.4 - https:\/\/yoast.com\/product\/yoast-seo-wordpress\/ -->\n<title>Im\u00e3 de Ferrite Anel 36mmx8mm com Furo 18mm - Dicomag<\/title>\n<meta name=\"robots\" content=\"index, follow, max-snippet:-1, max-image-preview:large, max-video-preview:-1\" \/>\n<link rel=\"canonical\" href=\"https:\/\/dicomag.com.br\/?product=ima-de-ferrite-anel-36mmx8mm-com-furo-18mm\" \/>\n<meta property=\"og:locale\" content=\"pt_BR\" \/>\n<meta property=\"og:type\" content=\"article\" \/>\n<meta property=\"og:title\" content=\"Im\u00e3 de Ferrite Anel 36mmx8mm com Furo 18mm - Dicomag\" \/>\n<meta property=\"og:description\" content=\"Os \u00edm\u00e3s de Ferrite s\u00e3o os mais populares no mundo e um dos mais antigos, ao contr\u00e1rio do que algumas pessoas pensam n\u00e3o s\u00e3o naturais, s\u00e3omisturas qu\u00edmicas que resultam em diversos tipos de ferrites, que variam de acordo com a aplica\u00e7\u00e3o. Foi denominado como \u00edm\u00e3 cer\u00e2mico devidoao seu processo de fabrica\u00e7\u00e3o ser semelhante ao da cer\u00e2mica convencional.\" \/>\n<meta property=\"og:url\" content=\"https:\/\/dicomag.com.br\/?product=ima-de-ferrite-anel-36mmx8mm-com-furo-18mm\" \/>\n<meta property=\"og:site_name\" content=\"Dicomag\" \/>\n<meta property=\"article:publisher\" content=\"https:\/\/www.facebook.com\/dicomagpoa\/\" \/>\n<meta property=\"article:modified_time\" content=\"2019-04-15T18:34:09+00:00\" \/>\n<meta property=\"og:image\" content=\"https:\/\/dicomag.com.br\/wp-content\/uploads\/2019\/04\/Anel-de-Ferrite-Dia.-40-x-5mm-com-furo-18mm-Anisotr\u00f3pico-de-B\u00e1rio.jpg\" \/>\n\t<meta property=\"og:image:width\" content=\"500\" \/>\n\t<meta property=\"og:image:height\" content=\"376\" \/>\n\t<meta property=\"og:image:type\" content=\"image\/jpeg\" \/>\n<meta name=\"twitter:card\" content=\"summary_large_image\" \/>\n<meta name=\"twitter:label1\" content=\"Est. tempo de leitura\" \/>\n\t<meta name=\"twitter:data1\" content=\"1 minuto\" \/>\n<script type=\"application\/ld+json\" class=\"yoast-schema-graph\">{\"@context\":\"https:\\\/\\\/schema.org\",\"@graph\":[{\"@type\":\"WebPage\",\"@id\":\"https:\\\/\\\/dicomag.com.br\\\/?product=ima-de-ferrite-anel-36mmx8mm-com-furo-18mm\",\"url\":\"https:\\\/\\\/dicomag.com.br\\\/?product=ima-de-ferrite-anel-36mmx8mm-com-furo-18mm\",\"name\":\"Im\u00e3 de Ferrite Anel 36mmx8mm com Furo 18mm - Dicomag\",\"isPartOf\":{\"@id\":\"https:\\\/\\\/dicomag.com.br\\\/#website\"},\"primaryImageOfPage\":{\"@id\":\"https:\\\/\\\/dicomag.com.br\\\/?product=ima-de-ferrite-anel-36mmx8mm-com-furo-18mm#primaryimage\"},\"image\":{\"@id\":\"https:\\\/\\\/dicomag.com.br\\\/?product=ima-de-ferrite-anel-36mmx8mm-com-furo-18mm#primaryimage\"},\"thumbnailUrl\":\"https:\\\/\\\/dicomag.com.br\\\/wp-content\\\/uploads\\\/2019\\\/04\\\/Anel-de-Ferrite-Dia.-40-x-5mm-com-furo-18mm-Anisotr\u00f3pico-de-B\u00e1rio.jpg\",\"datePublished\":\"2019-04-15T18:08:11+00:00\",\"dateModified\":\"2019-04-15T18:34:09+00:00\",\"breadcrumb\":{\"@id\":\"https:\\\/\\\/dicomag.com.br\\\/?product=ima-de-ferrite-anel-36mmx8mm-com-furo-18mm#breadcrumb\"},\"inLanguage\":\"pt-BR\",\"potentialAction\":[{\"@type\":\"ReadAction\",\"target\":[\"https:\\\/\\\/dicomag.com.br\\\/?product=ima-de-ferrite-anel-36mmx8mm-com-furo-18mm\"]}]},{\"@type\":\"ImageObject\",\"inLanguage\":\"pt-BR\",\"@id\":\"https:\\\/\\\/dicomag.com.br\\\/?product=ima-de-ferrite-anel-36mmx8mm-com-furo-18mm#primaryimage\",\"url\":\"https:\\\/\\\/dicomag.com.br\\\/wp-content\\\/uploads\\\/2019\\\/04\\\/Anel-de-Ferrite-Dia.-40-x-5mm-com-furo-18mm-Anisotr\u00f3pico-de-B\u00e1rio.jpg\",\"contentUrl\":\"https:\\\/\\\/dicomag.com.br\\\/wp-content\\\/uploads\\\/2019\\\/04\\\/Anel-de-Ferrite-Dia.-40-x-5mm-com-furo-18mm-Anisotr\u00f3pico-de-B\u00e1rio.jpg\",\"width\":500,\"height\":376},{\"@type\":\"BreadcrumbList\",\"@id\":\"https:\\\/\\\/dicomag.com.br\\\/?product=ima-de-ferrite-anel-36mmx8mm-com-furo-18mm#breadcrumb\",\"itemListElement\":[{\"@type\":\"ListItem\",\"position\":1,\"name\":\"In\u00edcio\",\"item\":\"https:\\\/\\\/dicomag.com.br\\\/\"},{\"@type\":\"ListItem\",\"position\":2,\"name\":\"Shop\",\"item\":\"https:\\\/\\\/dicomag.com.br\\\/\"},{\"@type\":\"ListItem\",\"position\":3,\"name\":\"Im\u00e3 de Ferrite Anel 36mmx8mm com Furo 18mm\"}]},{\"@type\":\"WebSite\",\"@id\":\"https:\\\/\\\/dicomag.com.br\\\/#website\",\"url\":\"https:\\\/\\\/dicomag.com.br\\\/\",\"name\":\"Dicomag\",\"description\":\"Imas\",\"publisher\":{\"@id\":\"https:\\\/\\\/dicomag.com.br\\\/#organization\"},\"potentialAction\":[{\"@type\":\"SearchAction\",\"target\":{\"@type\":\"EntryPoint\",\"urlTemplate\":\"https:\\\/\\\/dicomag.com.br\\\/?s={search_term_string}\"},\"query-input\":{\"@type\":\"PropertyValueSpecification\",\"valueRequired\":true,\"valueName\":\"search_term_string\"}}],\"inLanguage\":\"pt-BR\"},{\"@type\":\"Organization\",\"@id\":\"https:\\\/\\\/dicomag.com.br\\\/#organization\",\"name\":\"Dicomag\",\"url\":\"https:\\\/\\\/dicomag.com.br\\\/\",\"logo\":{\"@type\":\"ImageObject\",\"inLanguage\":\"pt-BR\",\"@id\":\"https:\\\/\\\/dicomag.com.br\\\/#\\\/schema\\\/logo\\\/image\\\/\",\"url\":\"https:\\\/\\\/dicomag.com.br\\\/wp-content\\\/uploads\\\/2019\\\/04\\\/Logo-Dicomag-Comemorativo-jpeg2.png\",\"contentUrl\":\"https:\\\/\\\/dicomag.com.br\\\/wp-content\\\/uploads\\\/2019\\\/04\\\/Logo-Dicomag-Comemorativo-jpeg2.png\",\"width\":457,\"height\":174,\"caption\":\"Dicomag\"},\"image\":{\"@id\":\"https:\\\/\\\/dicomag.com.br\\\/#\\\/schema\\\/logo\\\/image\\\/\"},\"sameAs\":[\"https:\\\/\\\/www.facebook.com\\\/dicomagpoa\\\/\"]}]}<\/script>\n<!-- \/ Yoast SEO plugin. -->","yoast_head_json":{"title":"Im\u00e3 de Ferrite Anel 36mmx8mm com Furo 18mm - Dicomag","robots":{"index":"index","follow":"follow","max-snippet":"max-snippet:-1","max-image-preview":"max-image-preview:large","max-video-preview":"max-video-preview:-1"},"canonical":"https:\/\/dicomag.com.br\/?product=ima-de-ferrite-anel-36mmx8mm-com-furo-18mm","og_locale":"pt_BR","og_type":"article","og_title":"Im\u00e3 de Ferrite Anel 36mmx8mm com Furo 18mm - Dicomag","og_description":"Os \u00edm\u00e3s de Ferrite s\u00e3o os mais populares no mundo e um dos mais antigos, ao contr\u00e1rio do que algumas pessoas pensam n\u00e3o s\u00e3o naturais, s\u00e3omisturas qu\u00edmicas que resultam em diversos tipos de ferrites, que variam de acordo com a aplica\u00e7\u00e3o. Foi denominado como \u00edm\u00e3 cer\u00e2mico devidoao seu processo de fabrica\u00e7\u00e3o ser semelhante ao da cer\u00e2mica convencional.","og_url":"https:\/\/dicomag.com.br\/?product=ima-de-ferrite-anel-36mmx8mm-com-furo-18mm","og_site_name":"Dicomag","article_publisher":"https:\/\/www.facebook.com\/dicomagpoa\/","article_modified_time":"2019-04-15T18:34:09+00:00","og_image":[{"width":500,"height":376,"url":"https:\/\/dicomag.com.br\/wp-content\/uploads\/2019\/04\/Anel-de-Ferrite-Dia.-40-x-5mm-com-furo-18mm-Anisotr\u00f3pico-de-B\u00e1rio.jpg","type":"image\/jpeg"}],"twitter_card":"summary_large_image","twitter_misc":{"Est. tempo de leitura":"1 minuto"},"schema":{"@context":"https:\/\/schema.org","@graph":[{"@type":"WebPage","@id":"https:\/\/dicomag.com.br\/?product=ima-de-ferrite-anel-36mmx8mm-com-furo-18mm","url":"https:\/\/dicomag.com.br\/?product=ima-de-ferrite-anel-36mmx8mm-com-furo-18mm","name":"Im\u00e3 de Ferrite Anel 36mmx8mm com Furo 18mm - Dicomag","isPartOf":{"@id":"https:\/\/dicomag.com.br\/#website"},"primaryImageOfPage":{"@id":"https:\/\/dicomag.com.br\/?product=ima-de-ferrite-anel-36mmx8mm-com-furo-18mm#primaryimage"},"image":{"@id":"https:\/\/dicomag.com.br\/?product=ima-de-ferrite-anel-36mmx8mm-com-furo-18mm#primaryimage"},"thumbnailUrl":"https:\/\/dicomag.com.br\/wp-content\/uploads\/2019\/04\/Anel-de-Ferrite-Dia.-40-x-5mm-com-furo-18mm-Anisotr\u00f3pico-de-B\u00e1rio.jpg","datePublished":"2019-04-15T18:08:11+00:00","dateModified":"2019-04-15T18:34:09+00:00","breadcrumb":{"@id":"https:\/\/dicomag.com.br\/?product=ima-de-ferrite-anel-36mmx8mm-com-furo-18mm#breadcrumb"},"inLanguage":"pt-BR","potentialAction":[{"@type":"ReadAction","target":["https:\/\/dicomag.com.br\/?product=ima-de-ferrite-anel-36mmx8mm-com-furo-18mm"]}]},{"@type":"ImageObject","inLanguage":"pt-BR","@id":"https:\/\/dicomag.com.br\/?product=ima-de-ferrite-anel-36mmx8mm-com-furo-18mm#primaryimage","url":"https:\/\/dicomag.com.br\/wp-content\/uploads\/2019\/04\/Anel-de-Ferrite-Dia.-40-x-5mm-com-furo-18mm-Anisotr\u00f3pico-de-B\u00e1rio.jpg","contentUrl":"https:\/\/dicomag.com.br\/wp-content\/uploads\/2019\/04\/Anel-de-Ferrite-Dia.-40-x-5mm-com-furo-18mm-Anisotr\u00f3pico-de-B\u00e1rio.jpg","width":500,"height":376},{"@type":"BreadcrumbList","@id":"https:\/\/dicomag.com.br\/?product=ima-de-ferrite-anel-36mmx8mm-com-furo-18mm#breadcrumb","itemListElement":[{"@type":"ListItem","position":1,"name":"In\u00edcio","item":"https:\/\/dicomag.com.br\/"},{"@type":"ListItem","position":2,"name":"Shop","item":"https:\/\/dicomag.com.br\/"},{"@type":"ListItem","position":3,"name":"Im\u00e3 de Ferrite Anel 36mmx8mm com Furo 18mm"}]},{"@type":"WebSite","@id":"https:\/\/dicomag.com.br\/#website","url":"https:\/\/dicomag.com.br\/","name":"Dicomag","description":"Imas","publisher":{"@id":"https:\/\/dicomag.com.br\/#organization"},"potentialAction":[{"@type":"SearchAction","target":{"@type":"EntryPoint","urlTemplate":"https:\/\/dicomag.com.br\/?s={search_term_string}"},"query-input":{"@type":"PropertyValueSpecification","valueRequired":true,"valueName":"search_term_string"}}],"inLanguage":"pt-BR"},{"@type":"Organization","@id":"https:\/\/dicomag.com.br\/#organization","name":"Dicomag","url":"https:\/\/dicomag.com.br\/","logo":{"@type":"ImageObject","inLanguage":"pt-BR","@id":"https:\/\/dicomag.com.br\/#\/schema\/logo\/image\/","url":"https:\/\/dicomag.com.br\/wp-content\/uploads\/2019\/04\/Logo-Dicomag-Comemorativo-jpeg2.png","contentUrl":"https:\/\/dicomag.com.br\/wp-content\/uploads\/2019\/04\/Logo-Dicomag-Comemorativo-jpeg2.png","width":457,"height":174,"caption":"Dicomag"},"image":{"@id":"https:\/\/dicomag.com.br\/#\/schema\/logo\/image\/"},"sameAs":["https:\/\/www.facebook.com\/dicomagpoa\/"]}]}},"_links":{"self":[{"href":"https:\/\/dicomag.com.br\/index.php?rest_route=\/wp\/v2\/product\/3717","targetHints":{"allow":["GET"]}}],"collection":[{"href":"https:\/\/dicomag.com.br\/index.php?rest_route=\/wp\/v2\/product"}],"about":[{"href":"https:\/\/dicomag.com.br\/index.php?rest_route=\/wp\/v2\/types\/product"}],"replies":[{"embeddable":true,"href":"https:\/\/dicomag.com.br\/index.php?rest_route=%2Fwp%2Fv2%2Fcomments&post=3717"}],"wp:featuredmedia":[{"embeddable":true,"href":"https:\/\/dicomag.com.br\/index.php?rest_route=\/wp\/v2\/media\/3700"}],"wp:attachment":[{"href":"https:\/\/dicomag.com.br\/index.php?rest_route=%2Fwp%2Fv2%2Fmedia&parent=3717"}],"wp:term":[{"taxonomy":"product_brand","embeddable":true,"href":"https:\/\/dicomag.com.br\/index.php?rest_route=%2Fwp%2Fv2%2Fproduct_brand&post=3717"},{"taxonomy":"product_cat","embeddable":true,"href":"https:\/\/dicomag.com.br\/index.php?rest_route=%2Fwp%2Fv2%2Fproduct_cat&post=3717"},{"taxonomy":"product_tag","embeddable":true,"href":"https:\/\/dicomag.com.br\/index.php?rest_route=%2Fwp%2Fv2%2Fproduct_tag&post=3717"}],"curies":[{"name":"wp","href":"https:\/\/api.w.org\/{rel}","templated":true}]}}