{"id":4681,"date":"2020-07-15T19:05:24","date_gmt":"2020-07-15T19:05:24","guid":{"rendered":"http:\/\/dicomag.com.br\/?post_type=product&#038;p=4681"},"modified":"2020-07-15T19:05:24","modified_gmt":"2020-07-15T19:05:24","slug":"mascara-de-protecao-antibacteriana-e-covid19","status":"publish","type":"product","link":"https:\/\/dicomag.com.br\/?product=mascara-de-protecao-antibacteriana-e-covid19","title":{"rendered":"M\u00e1scara de Prote\u00e7\u00e3o Antibacteriana e COVID19"},"content":{"rendered":"<h2>M\u00e1scara de Prote\u00e7\u00e3o Antibacteriana e COVID19<\/h2>\n<p>A m\u00e1scara de prote\u00e7\u00e3o Antibacteriana e COVID19 \u00e9 confeccionada com tecido de Poliamida 92% e Elastano 8%.<\/p>\n<p>Como resultado de seu Tecido fechado, impede a entrada de got\u00edculas de saliva com processo exclusivo High Tech.<\/p>\n<p>Ou Seja a aplica\u00e7\u00e3o realizada, controla bact\u00e9rias e v\u00edrus com efeito comprovado em teste de laborat\u00f3rios nacionais credenciados pelos \u00f3rg\u00e3os reguladores.<\/p>\n<p>Seguindo a norma internacional de controle de micro-organismos AATCC 100.<\/p>\n<p>Seu tecido tem o exclusivo efeito antibacteriano, portanto te protege de inumeras bact\u00e9rias al\u00e9m do CODIV-19.<\/p>\n<p>Acima de tudo a uni\u00e3o do efeito antibateriano com a tecnologia do tecido High Tech, tr\u00e1s prote\u00e7\u00e3o, conforto e durabilidade para sua mascara.<\/p>\n<p>Al\u00e9m Disto est\u00e1 mascara \u00e9 anat\u00f4mica, confortave e antial\u00e9rgica.<\/p>\n<p>Em suma \u00e9 um produto n\u00e3o est\u00e9ril, at\u00f3xico e livre de lat\u00e9x.<\/p>\n<h2>Indica\u00e7\u00f5es de Uso de sua M\u00e1scara de Prote\u00e7\u00e3o Antibacteriana e COVID19:<\/h2>\n<p>O mais importante \u00e9 que o uso de m\u00e1scara tem como finalidade, evitar a transmiss\u00e3o e propaga\u00e7\u00e3o por via oral de v\u00edrus e bact\u00e9rias do usu\u00e1rio para o meio ambiente onde se encontra.<\/p>\n<p>Al\u00e9m disto seu <strong>PRAZO DE VALIDADE \u00e9 <\/strong>Indeterminado.<\/p>\n<p>Tendo sua COMPOSI\u00c7\u00c3O formada por: Poliamida 92% e Elastano 8%.<\/p>\n<p>Certamente nossas mascaras podem ser lavadas sem o risco de perder a prote\u00e7\u00e3o.<\/p>\n<p>Tendo ainda ajuste nasal e el\u00e1stico de excelente qualidade.<\/p>\n<p>Possuindo ainda laudo t\u00e9cnico de confiabilidade.<\/p>\n<h3>Para esclarecer segue dicas de uso:<\/h3>\n<p><strong>Em primeiro lugar: <\/strong>Lave\u00a0as m\u00e3os, pulsos e antebra\u00e7os com \u00e1gua e sabonete secar e depois lavar com \u00e1lcool 70%; ap\u00f3s esse procedimento;<\/p>\n<p><b>Em segundo Lugar: <\/b>Retirar a m\u00e1scara da embalagem;<\/p>\n<p><b>Em Terceiro Lugar: <\/b>Encaixar as extremidades el\u00e1sticas atr\u00e1s da orelha e logo fixar a m\u00e1scara ao rosto do usu\u00e1rio, de modo que a boca e o nariz fiquem totalmente cobertos;<\/p>\n<p>Al\u00e9m disto a\u00a0m\u00e1scara tem que ficar moderadamente apertada ao rosto, nunca solta.<\/p>\n","protected":false},"excerpt":{"rendered":"<h2>M\u00e1scara de Prote\u00e7\u00e3o Antibacteriana e COVID19<\/h2>\n<p>A m\u00e1scara de prote\u00e7\u00e3o Antibacteriana e COVID19 \u00e9 confeccionada com tecido de Poliamida 92% e Elastano 8%.<\/p>\n<p>Como resultado de seu Tecido fechado, impede a entrada de got\u00edculas de saliva com processo exclusivo High Tech.<\/p>\n<p>Ou Seja a aplica\u00e7\u00e3o realizada, controla bact\u00e9rias e v\u00edrus com efeito comprovado em teste de laborat\u00f3rios nacionais credenciados pelos \u00f3rg\u00e3os reguladores.<\/p>\n<p>Seguindo a norma internacional de controle de micro-organismos AATCC 100.<\/p>\n<p>Seu tecido tem o exclusivo efeito antibacteriano, portanto te protege de inumeras bact\u00e9rias al\u00e9m do CODIV-19.<\/p>\n<p>Acima de tudo a uni\u00e3o do efeito antibateriano com a tecnologia do tecido High Tech, tr\u00e1s prote\u00e7\u00e3o, conforto e durabilidade para sua mascara.<\/p>\n<p>Al\u00e9m Disto est\u00e1 mascara \u00e9 anat\u00f4mica, confortave e antial\u00e9rgica.<\/p>\n<p>Em suma \u00e9 um produto n\u00e3o est\u00e9ril, at\u00f3xico e livre de lat\u00e9x.<\/p>\n","protected":false},"featured_media":4682,"comment_status":"open","ping_status":"closed","template":"","meta":[],"product_brand":[],"product_cat":[144,685],"product_tag":[688,687,689,686],"class_list":{"0":"post-4681","1":"product","2":"type-product","3":"status-publish","4":"has-post-thumbnail","6":"product_cat-linha-bem-estar-bem","7":"product_cat-mascara-de-protecao","8":"product_tag-anti-cod","9":"product_tag-antibacteriana","10":"product_tag-anticovid-19","11":"product_tag-mascara","13":"first","14":"instock","15":"sale","16":"taxable","17":"shipping-taxable","18":"purchasable","19":"product-type-simple"},"yoast_head":"<!-- This site is optimized with the Yoast SEO plugin v27.4 - https:\/\/yoast.com\/product\/yoast-seo-wordpress\/ -->\n<title>M\u00e1scara de Prote\u00e7\u00e3o Antibacteriana e COVID19 - Dicomag<\/title>\n<meta name=\"description\" content=\"M\u00e1scara de Prote\u00e7\u00e3o Antibacteriana e COVID19 evita a transmiss\u00e3o e propaga\u00e7\u00e3o de v\u00edrus e bact\u00e9rias assim como o COVID-19 por via oral.\" \/>\n<meta name=\"robots\" content=\"index, follow, max-snippet:-1, max-image-preview:large, max-video-preview:-1\" \/>\n<link rel=\"canonical\" href=\"https:\/\/dicomag.com.br\/?product=mascara-de-protecao-antibacteriana-e-covid19\" \/>\n<meta property=\"og:locale\" content=\"pt_BR\" \/>\n<meta property=\"og:type\" content=\"article\" \/>\n<meta property=\"og:title\" content=\"M\u00e1scara de Prote\u00e7\u00e3o Antibacteriana e COVID19 - Dicomag\" \/>\n<meta property=\"og:description\" content=\"M\u00e1scara de Prote\u00e7\u00e3o Antibacteriana e COVID19 evita a transmiss\u00e3o e propaga\u00e7\u00e3o de v\u00edrus e bact\u00e9rias assim como o COVID-19 por via oral.\" \/>\n<meta property=\"og:url\" content=\"https:\/\/dicomag.com.br\/?product=mascara-de-protecao-antibacteriana-e-covid19\" \/>\n<meta property=\"og:site_name\" content=\"Dicomag\" \/>\n<meta property=\"article:publisher\" content=\"https:\/\/www.facebook.com\/dicomagpoa\/\" \/>\n<meta property=\"og:image\" content=\"https:\/\/dicomag.com.br\/wp-content\/uploads\/2020\/07\/mascara-de-prote\u00e7\u00e3o.jpg\" \/>\n\t<meta property=\"og:image:width\" content=\"577\" \/>\n\t<meta property=\"og:image:height\" content=\"551\" \/>\n\t<meta property=\"og:image:type\" content=\"image\/jpeg\" \/>\n<meta name=\"twitter:card\" content=\"summary_large_image\" \/>\n<meta name=\"twitter:label1\" content=\"Est. tempo de leitura\" \/>\n\t<meta name=\"twitter:data1\" content=\"2 minutos\" \/>\n<script type=\"application\/ld+json\" class=\"yoast-schema-graph\">{\"@context\":\"https:\\\/\\\/schema.org\",\"@graph\":[{\"@type\":\"WebPage\",\"@id\":\"https:\\\/\\\/dicomag.com.br\\\/?product=mascara-de-protecao-antibacteriana-e-covid19\",\"url\":\"https:\\\/\\\/dicomag.com.br\\\/?product=mascara-de-protecao-antibacteriana-e-covid19\",\"name\":\"M\u00e1scara de Prote\u00e7\u00e3o Antibacteriana e COVID19 - Dicomag\",\"isPartOf\":{\"@id\":\"https:\\\/\\\/dicomag.com.br\\\/#website\"},\"primaryImageOfPage\":{\"@id\":\"https:\\\/\\\/dicomag.com.br\\\/?product=mascara-de-protecao-antibacteriana-e-covid19#primaryimage\"},\"image\":{\"@id\":\"https:\\\/\\\/dicomag.com.br\\\/?product=mascara-de-protecao-antibacteriana-e-covid19#primaryimage\"},\"thumbnailUrl\":\"https:\\\/\\\/dicomag.com.br\\\/wp-content\\\/uploads\\\/2020\\\/07\\\/mascara-de-prote\u00e7\u00e3o.jpg\",\"datePublished\":\"2020-07-15T19:05:24+00:00\",\"description\":\"M\u00e1scara de Prote\u00e7\u00e3o Antibacteriana e COVID19 evita a transmiss\u00e3o e propaga\u00e7\u00e3o de v\u00edrus e bact\u00e9rias assim como o COVID-19 por via oral.\",\"breadcrumb\":{\"@id\":\"https:\\\/\\\/dicomag.com.br\\\/?product=mascara-de-protecao-antibacteriana-e-covid19#breadcrumb\"},\"inLanguage\":\"pt-BR\",\"potentialAction\":[{\"@type\":\"ReadAction\",\"target\":[\"https:\\\/\\\/dicomag.com.br\\\/?product=mascara-de-protecao-antibacteriana-e-covid19\"]}]},{\"@type\":\"ImageObject\",\"inLanguage\":\"pt-BR\",\"@id\":\"https:\\\/\\\/dicomag.com.br\\\/?product=mascara-de-protecao-antibacteriana-e-covid19#primaryimage\",\"url\":\"https:\\\/\\\/dicomag.com.br\\\/wp-content\\\/uploads\\\/2020\\\/07\\\/mascara-de-prote\u00e7\u00e3o.jpg\",\"contentUrl\":\"https:\\\/\\\/dicomag.com.br\\\/wp-content\\\/uploads\\\/2020\\\/07\\\/mascara-de-prote\u00e7\u00e3o.jpg\",\"width\":577,\"height\":551,\"caption\":\"M\u00e1scara de Prote\u00e7\u00e3o Antibacteriana e COVID19\"},{\"@type\":\"BreadcrumbList\",\"@id\":\"https:\\\/\\\/dicomag.com.br\\\/?product=mascara-de-protecao-antibacteriana-e-covid19#breadcrumb\",\"itemListElement\":[{\"@type\":\"ListItem\",\"position\":1,\"name\":\"In\u00edcio\",\"item\":\"https:\\\/\\\/dicomag.com.br\\\/\"},{\"@type\":\"ListItem\",\"position\":2,\"name\":\"Shop\",\"item\":\"https:\\\/\\\/dicomag.com.br\\\/\"},{\"@type\":\"ListItem\",\"position\":3,\"name\":\"M\u00e1scara de Prote\u00e7\u00e3o Antibacteriana e COVID19\"}]},{\"@type\":\"WebSite\",\"@id\":\"https:\\\/\\\/dicomag.com.br\\\/#website\",\"url\":\"https:\\\/\\\/dicomag.com.br\\\/\",\"name\":\"Dicomag\",\"description\":\"Imas\",\"publisher\":{\"@id\":\"https:\\\/\\\/dicomag.com.br\\\/#organization\"},\"potentialAction\":[{\"@type\":\"SearchAction\",\"target\":{\"@type\":\"EntryPoint\",\"urlTemplate\":\"https:\\\/\\\/dicomag.com.br\\\/?s={search_term_string}\"},\"query-input\":{\"@type\":\"PropertyValueSpecification\",\"valueRequired\":true,\"valueName\":\"search_term_string\"}}],\"inLanguage\":\"pt-BR\"},{\"@type\":\"Organization\",\"@id\":\"https:\\\/\\\/dicomag.com.br\\\/#organization\",\"name\":\"Dicomag\",\"url\":\"https:\\\/\\\/dicomag.com.br\\\/\",\"logo\":{\"@type\":\"ImageObject\",\"inLanguage\":\"pt-BR\",\"@id\":\"https:\\\/\\\/dicomag.com.br\\\/#\\\/schema\\\/logo\\\/image\\\/\",\"url\":\"https:\\\/\\\/dicomag.com.br\\\/wp-content\\\/uploads\\\/2019\\\/04\\\/Logo-Dicomag-Comemorativo-jpeg2.png\",\"contentUrl\":\"https:\\\/\\\/dicomag.com.br\\\/wp-content\\\/uploads\\\/2019\\\/04\\\/Logo-Dicomag-Comemorativo-jpeg2.png\",\"width\":457,\"height\":174,\"caption\":\"Dicomag\"},\"image\":{\"@id\":\"https:\\\/\\\/dicomag.com.br\\\/#\\\/schema\\\/logo\\\/image\\\/\"},\"sameAs\":[\"https:\\\/\\\/www.facebook.com\\\/dicomagpoa\\\/\"]}]}<\/script>\n<!-- \/ Yoast SEO plugin. -->","yoast_head_json":{"title":"M\u00e1scara de Prote\u00e7\u00e3o Antibacteriana e COVID19 - Dicomag","description":"M\u00e1scara de Prote\u00e7\u00e3o Antibacteriana e COVID19 evita a transmiss\u00e3o e propaga\u00e7\u00e3o de v\u00edrus e bact\u00e9rias assim como o COVID-19 por via oral.","robots":{"index":"index","follow":"follow","max-snippet":"max-snippet:-1","max-image-preview":"max-image-preview:large","max-video-preview":"max-video-preview:-1"},"canonical":"https:\/\/dicomag.com.br\/?product=mascara-de-protecao-antibacteriana-e-covid19","og_locale":"pt_BR","og_type":"article","og_title":"M\u00e1scara de Prote\u00e7\u00e3o Antibacteriana e COVID19 - Dicomag","og_description":"M\u00e1scara de Prote\u00e7\u00e3o Antibacteriana e COVID19 evita a transmiss\u00e3o e propaga\u00e7\u00e3o de v\u00edrus e bact\u00e9rias assim como o COVID-19 por via oral.","og_url":"https:\/\/dicomag.com.br\/?product=mascara-de-protecao-antibacteriana-e-covid19","og_site_name":"Dicomag","article_publisher":"https:\/\/www.facebook.com\/dicomagpoa\/","og_image":[{"width":577,"height":551,"url":"https:\/\/dicomag.com.br\/wp-content\/uploads\/2020\/07\/mascara-de-prote\u00e7\u00e3o.jpg","type":"image\/jpeg"}],"twitter_card":"summary_large_image","twitter_misc":{"Est. tempo de leitura":"2 minutos"},"schema":{"@context":"https:\/\/schema.org","@graph":[{"@type":"WebPage","@id":"https:\/\/dicomag.com.br\/?product=mascara-de-protecao-antibacteriana-e-covid19","url":"https:\/\/dicomag.com.br\/?product=mascara-de-protecao-antibacteriana-e-covid19","name":"M\u00e1scara de Prote\u00e7\u00e3o Antibacteriana e COVID19 - Dicomag","isPartOf":{"@id":"https:\/\/dicomag.com.br\/#website"},"primaryImageOfPage":{"@id":"https:\/\/dicomag.com.br\/?product=mascara-de-protecao-antibacteriana-e-covid19#primaryimage"},"image":{"@id":"https:\/\/dicomag.com.br\/?product=mascara-de-protecao-antibacteriana-e-covid19#primaryimage"},"thumbnailUrl":"https:\/\/dicomag.com.br\/wp-content\/uploads\/2020\/07\/mascara-de-prote\u00e7\u00e3o.jpg","datePublished":"2020-07-15T19:05:24+00:00","description":"M\u00e1scara de Prote\u00e7\u00e3o Antibacteriana e COVID19 evita a transmiss\u00e3o e propaga\u00e7\u00e3o de v\u00edrus e bact\u00e9rias assim como o COVID-19 por via oral.","breadcrumb":{"@id":"https:\/\/dicomag.com.br\/?product=mascara-de-protecao-antibacteriana-e-covid19#breadcrumb"},"inLanguage":"pt-BR","potentialAction":[{"@type":"ReadAction","target":["https:\/\/dicomag.com.br\/?product=mascara-de-protecao-antibacteriana-e-covid19"]}]},{"@type":"ImageObject","inLanguage":"pt-BR","@id":"https:\/\/dicomag.com.br\/?product=mascara-de-protecao-antibacteriana-e-covid19#primaryimage","url":"https:\/\/dicomag.com.br\/wp-content\/uploads\/2020\/07\/mascara-de-prote\u00e7\u00e3o.jpg","contentUrl":"https:\/\/dicomag.com.br\/wp-content\/uploads\/2020\/07\/mascara-de-prote\u00e7\u00e3o.jpg","width":577,"height":551,"caption":"M\u00e1scara de Prote\u00e7\u00e3o Antibacteriana e COVID19"},{"@type":"BreadcrumbList","@id":"https:\/\/dicomag.com.br\/?product=mascara-de-protecao-antibacteriana-e-covid19#breadcrumb","itemListElement":[{"@type":"ListItem","position":1,"name":"In\u00edcio","item":"https:\/\/dicomag.com.br\/"},{"@type":"ListItem","position":2,"name":"Shop","item":"https:\/\/dicomag.com.br\/"},{"@type":"ListItem","position":3,"name":"M\u00e1scara de Prote\u00e7\u00e3o Antibacteriana e COVID19"}]},{"@type":"WebSite","@id":"https:\/\/dicomag.com.br\/#website","url":"https:\/\/dicomag.com.br\/","name":"Dicomag","description":"Imas","publisher":{"@id":"https:\/\/dicomag.com.br\/#organization"},"potentialAction":[{"@type":"SearchAction","target":{"@type":"EntryPoint","urlTemplate":"https:\/\/dicomag.com.br\/?s={search_term_string}"},"query-input":{"@type":"PropertyValueSpecification","valueRequired":true,"valueName":"search_term_string"}}],"inLanguage":"pt-BR"},{"@type":"Organization","@id":"https:\/\/dicomag.com.br\/#organization","name":"Dicomag","url":"https:\/\/dicomag.com.br\/","logo":{"@type":"ImageObject","inLanguage":"pt-BR","@id":"https:\/\/dicomag.com.br\/#\/schema\/logo\/image\/","url":"https:\/\/dicomag.com.br\/wp-content\/uploads\/2019\/04\/Logo-Dicomag-Comemorativo-jpeg2.png","contentUrl":"https:\/\/dicomag.com.br\/wp-content\/uploads\/2019\/04\/Logo-Dicomag-Comemorativo-jpeg2.png","width":457,"height":174,"caption":"Dicomag"},"image":{"@id":"https:\/\/dicomag.com.br\/#\/schema\/logo\/image\/"},"sameAs":["https:\/\/www.facebook.com\/dicomagpoa\/"]}]}},"_links":{"self":[{"href":"https:\/\/dicomag.com.br\/index.php?rest_route=\/wp\/v2\/product\/4681","targetHints":{"allow":["GET"]}}],"collection":[{"href":"https:\/\/dicomag.com.br\/index.php?rest_route=\/wp\/v2\/product"}],"about":[{"href":"https:\/\/dicomag.com.br\/index.php?rest_route=\/wp\/v2\/types\/product"}],"replies":[{"embeddable":true,"href":"https:\/\/dicomag.com.br\/index.php?rest_route=%2Fwp%2Fv2%2Fcomments&post=4681"}],"wp:featuredmedia":[{"embeddable":true,"href":"https:\/\/dicomag.com.br\/index.php?rest_route=\/wp\/v2\/media\/4682"}],"wp:attachment":[{"href":"https:\/\/dicomag.com.br\/index.php?rest_route=%2Fwp%2Fv2%2Fmedia&parent=4681"}],"wp:term":[{"taxonomy":"product_brand","embeddable":true,"href":"https:\/\/dicomag.com.br\/index.php?rest_route=%2Fwp%2Fv2%2Fproduct_brand&post=4681"},{"taxonomy":"product_cat","embeddable":true,"href":"https:\/\/dicomag.com.br\/index.php?rest_route=%2Fwp%2Fv2%2Fproduct_cat&post=4681"},{"taxonomy":"product_tag","embeddable":true,"href":"https:\/\/dicomag.com.br\/index.php?rest_route=%2Fwp%2Fv2%2Fproduct_tag&post=4681"}],"curies":[{"name":"wp","href":"https:\/\/api.w.org\/{rel}","templated":true}]}}