{"id":4848,"date":"2021-08-10T17:35:09","date_gmt":"2021-08-10T17:35:09","guid":{"rendered":"https:\/\/dicomag.com.br\/?post_type=product&#038;p=4848"},"modified":"2022-12-06T18:49:35","modified_gmt":"2022-12-06T18:49:35","slug":"perfilado-high-tech-queen","status":"publish","type":"product","link":"https:\/\/dicomag.com.br\/?product=perfilado-high-tech-queen","title":{"rendered":"Perfilado High-tech Gold Pastilhado Especial"},"content":{"rendered":"<h1 class=\"western\"><span style=\"font-family: Arial, sans-serif;\"><span style=\"font-size: large;\"><span style=\"color: #000000;\">EnquantoPerfilado High-tech Gold <\/span><span style=\"color: #000000;\">Pastilhado Especial<\/span><\/span><\/span><\/h1>\n<p><span style=\"font-family: Arial, sans-serif; font-size: 16px; color: #000000;\">Perfilado High-tech Gold Pastilhado Especial \u00e9 uma espuma de poliuretano vulcanizada a uma temperatura de 140\u00b0, que recebe tratamento de 22 produtos especiais antibacteriano e antif\u00fangico.<\/span><\/p>\n<p><span style=\"font-size: 16px; color: #000000;\">De acordo com pesquisas sobre tratamentos preventivos durante o sono que surgiram em meados da d\u00e9cada de 50, tem evolu\u00eddo gradativamente at\u00e9 hoje.<\/span><\/p>\n<p><span style=\"font-size: 16px; color: #000000;\">Dessa forma as tecnologias aplicadas as espumas que formam os colch\u00f5es e travesseiros evolu\u00edram muito.<\/span><\/p>\n<p><span style=\"font-size: 16px; color: #000000;\">Dessa maneira o aprimoramento das espumas perfiladas vem facilitando o uso e aplica\u00e7\u00e3o para melhoria de nossa sa\u00fade durante o sono.<\/span><\/p>\n<p><span style=\"font-size: 16px; color: #000000;\">Por consequ\u00eancia, este tipo de espuma recebe corte de baixo e alto relevo, o que faz com que a pele respire melhor durante o sono, diminuindo a transpira\u00e7\u00e3o e facilitando a evapora\u00e7\u00e3o.<\/span><\/p>\n<p><span style=\"font-size: 16px; color: #000000;\">Por Isso, colabora para um melhor funcionamento do sistema respirat\u00f3rio, tendo o campo de dormir higienizado e livre de bact\u00e9rias.<\/span><\/p>\n<p><span style=\"font-size: 16px; color: #000000;\">Desse modo, nosso pensamento \u00e9 proporcionar um sono confort\u00e1vel e de qualidade de vida, trabalhamos na comercializa\u00e7\u00e3o dos melhores tipos de perfilados.<\/span><\/p>\n<h2>O que temos de especial:<\/h2>\n<p><span style=\"color: #000000;\"><span style=\"font-family: Arial, sans-serif;\"><span style=\"font-size: large;\">Afinal os perfilados high-tech tem tratamento especial e com a vulcaniza\u00e7\u00e3o inibem a prolifera\u00e7\u00e3o excessiva de \u00e1caros, fungos e bact\u00e9rias.<\/span><\/span><\/span><\/p>\n<p><span style=\"color: #000000;\"><span style=\"font-family: Arial, sans-serif;\"><span style=\"font-size: large;\">Contudo seu tratamento \u00e9 aplicado de forma uniforme em toda a extens\u00e3o de sua manta.<\/span><\/span><\/span><\/p>\n<p><span style=\"color: #000000;\"><span style=\"font-family: Arial, sans-serif;\"><span style=\"font-size: large;\">Al\u00e9m disso sua Densidade D33 \u00e9 resistente e com grande elasticidade.<\/span><\/span><\/span><\/p>\n<p><span style=\"color: #000000;\"><span style=\"font-family: Arial, sans-serif;\"><span style=\"font-size: large;\">Com o intuito de que seu alto-relevo vulcanizado passe por um processo que aumenta e resili\u00eancia e durabilidade do perfilado.<\/span><\/span><\/span><\/p>\n<p><span style=\"color: #000000;\"><span style=\"font-family: Arial, sans-serif;\"><span style=\"font-size: large;\">Assim, o alto-relevo, proporciona uma automassagem do tipo \u201cdo-in\u201d, isto \u00e9, uma massagem com a sensa\u00e7\u00e3o de v\u00e1rios dedos massageando o corpo.<\/span><\/span><\/span><\/p>\n<p><span style=\"color: #000000;\"><span style=\"font-family: Arial, sans-serif;\"><span style=\"font-size: large;\">Enquanto a automassagem \u00e9 capaz de estimular a circula\u00e7\u00e3o sangu\u00ednea e reduzir as tens\u00f5es musculares, aumentando a sensa\u00e7\u00e3o de conforto.<\/span><\/span><\/span><\/p>\n<p><span style=\"color: #000000;\"><span style=\"font-family: Arial, sans-serif;\"><span style=\"font-size: large;\">Igualmente este alto-relevo baixo ajuda a ter uma boa ventila\u00e7\u00e3o, permitindo que o corpo respire mais durante o sono, diminuindo a transpira\u00e7\u00e3o e facilitando a sua evapora\u00e7\u00e3o.<\/span><\/span><\/span><\/p>\n<p><span style=\"color: #000000;\"><span style=\"font-family: Arial, sans-serif;\"><span style=\"font-size: large;\">Como resultado colabora para um melhor funcionamento do sistema respirat\u00f3rio, tendo o campo de dormir higienizado e livre de bact\u00e9rias.<\/span><\/span><\/span><\/p>\n<p><span style=\"color: #000000;\"><span style=\"font-family: Arial, sans-serif;\"><span style=\"font-size: large;\">Por issso est\u00e1 vers\u00e3o do Perfilado High-tech Gold Pastilhado Especial, vem com as j\u00e1 tradicionais pastilhas de infravermelho longo antibact\u00e9ria, im\u00e3s de ferrite de 800 gauss e a inovadora pastiva de infravermelho proximo EVI.<\/span><\/span><\/span><\/p>\n<p><span style=\"color: #000000;\"><span style=\"font-family: Arial, sans-serif;\"><span style=\"font-size: large;\">Assim potencializa os beneficios a sa\u00fade listados a seguir.<\/span><\/span><\/span><\/p>\n<h3 class=\"western\"><span style=\"font-family: Arial, sans-serif;\"><span style=\"font-size: large;\">Perfilado High-tech Gold<\/span><\/span> <span style=\"color: #000000;\"><span style=\"font-family: Arial, sans-serif;\"><span style=\"font-size: large;\">vem nos tamanhos abaixo:<\/span><\/span><\/span><\/h3>\n<ul>\n<li><span style=\"color: #2d2d2d;\"><span style=\"font-family: Arial, sans-serif;\"><span style=\"font-size: large;\">Solteiro: 0,86 x 1,86 m<\/span><\/span><\/span>\n<p><span style=\"color: #2d2d2d;\"><span style=\"font-family: Arial, sans-serif;\"><span style=\"font-size: large;\">100 im\u00e3s de ferrite 800 gauss + 100 Infravermelho Longo Antibact\u00e9ria + 30 EVI<\/span><\/span><\/span><\/p>\n<p>&nbsp;<\/li>\n<li>\n<p align=\"left\"><span style=\"color: #2d2d2d;\"><span style=\"font-family: Arial, sans-serif;\"><span style=\"font-size: large;\">Casal: 1,36 x 1,86 m<\/span><\/span><\/span><\/p>\n<p align=\"left\"><span style=\"color: #2d2d2d;\"><span style=\"font-family: Arial, sans-serif;\"><span style=\"font-size: large;\">200 im\u00e3s de ferrite 800 gauss + 200 Infravermelho Longo Antibact\u00e9ria + 60 EVI<\/span><\/span><\/span><\/p>\n<p align=\"left\">\n<\/li>\n<li>\n<p align=\"left\"><span style=\"color: #2d2d2d;\"><span style=\"font-family: Arial, sans-serif;\"><span style=\"font-size: large;\">Queen: 1,56 x 1,96 m<\/span><\/span><\/span><\/p>\n<p align=\"left\"><span style=\"color: #2d2d2d;\"><span style=\"font-family: Arial, sans-serif;\"><span style=\"font-size: large;\">250 im\u00e3s de ferrite 800 gauss + 250 Infravermelho Longo Antibact\u00e9ria + 75 EVI<\/span><\/span><\/span><\/p>\n<p align=\"left\">\n<\/li>\n<li>\n<p align=\"left\"><span style=\"color: #2d2d2d;\"><span style=\"font-family: Arial, sans-serif;\"><span style=\"font-size: large;\">King: 1,91 x 2,01 m<\/span><\/span><\/span><\/p>\n<p align=\"left\"><span style=\"color: #2d2d2d;\"><span style=\"font-family: Arial, sans-serif;\"><span style=\"font-size: large;\">300 im\u00e3s de ferrite 800 gauss + 300 Infravermelho Longo Antibact\u00e9ria + 90 EVI<\/span><\/span><\/span><\/p>\n<p align=\"left\">\n<\/li>\n<\/ul>\n<h4><span style=\"color: #000000;\"><span style=\"font-family: Arial, sans-serif;\"><span style=\"font-size: large;\">Confira abaixo quais os benef\u00edcios que voc\u00ea tera ao seu perfilado j\u00e1 pastilhado:<\/span><\/span><\/span><\/h4>\n<p><span style=\"color: #000000;\"><span style=\"font-family: Arial, sans-serif;\"><span style=\"font-size: large;\">Segundo estudos o campo magn\u00e9tico gerado pelas pastilhas aplicadas nos perfilados proporcionam dezenas de benef\u00edcios preventivos para nossa sa\u00fade entre eles:<\/span><\/span><\/span><\/p>\n<ul>\n<li><span style=\"font-family: Arial, sans-serif;\"><span style=\"font-size: large;\">Ajuda no al\u00edvio de dores na regi\u00e3o lombar<\/span><\/span><\/li>\n<li><span style=\"font-family: Arial, sans-serif;\"><span style=\"font-size: large;\">Ajuda na preven\u00e7\u00e3o de varizes c\u00e3ibra, tens\u00f5es e dores musculares<\/span><\/span><\/li>\n<li><span style=\"font-family: Arial, sans-serif;\"><span style=\"font-size: large;\">Ajuda de preven\u00e7\u00e3o do controle da press\u00e3o arterial<\/span><\/span><\/li>\n<li><span style=\"font-family: Arial, sans-serif;\"><span style=\"font-size: large;\">Ajuda na desintoxica\u00e7\u00e3o do organismo<\/span><\/span><\/li>\n<\/ul>\n<p><span style=\"font-family: Arial, sans-serif;\"><span style=\"font-size: large;\">O Infravermelho longo s\u00e3o emitidos por outra \u201cpastilha\u201d de biocer\u00e2mica com metais nobres que emitem ondas eletromagn\u00e9ticas de 4 a 14 m\u00edcrons, similares as ondas de raios infravermelhos longo emitidas pelo sol.<\/span><\/span><\/p>\n<p><span style=\"font-family: Arial, sans-serif;\"><span style=\"font-size: large;\">Por muitos chamados como pastilha do sol, por emitir a \u2018energia do sol\u2019 para nosso corpo.<\/span><\/span><\/p>\n<p><span style=\"font-family: Arial, sans-serif;\"><span style=\"font-size: large;\">Assim como as pastilhas magn\u00e9ticas, ela fica presa nas cavidades da espuma Rabatan, criando assim um perfilado terap\u00eautico.<\/span><\/span><\/p>\n<p><span style=\"font-family: Arial, sans-serif;\"><span style=\"font-size: large;\">Segundo estudos publicados na internet infravermelho longo ajuda na ativa\u00e7\u00e3o de trilh\u00f5es de c\u00e9lulas do corpo, veja alguns dos benef\u00edcios apontados:<\/span><\/span><\/p>\n<ul>\n<li><span style=\"font-family: Arial, sans-serif;\"><span style=\"font-size: large;\">Melhora preventiva na circula\u00e7\u00e3o do sangue<\/span><\/span><\/li>\n<li><span style=\"font-family: Arial, sans-serif;\"><span style=\"font-size: large;\">Redu\u00e7\u00e3o do \u00e1cido l\u00e1tico<\/span><\/span><\/li>\n<li><span style=\"font-family: Arial, sans-serif;\"><span style=\"font-size: large;\">Combate as doen\u00e7as relacionadas a ins\u00f4nia<\/span><\/span><\/li>\n<li><span style=\"font-family: Arial, sans-serif;\"><span style=\"font-size: large;\">Auxilia na Renova\u00e7\u00e3o celular, ajudando a liminar toxinas<\/span><\/span><\/li>\n<li><span style=\"font-family: Arial, sans-serif;\"><span style=\"font-size: large;\">Melhora no crescimento e desenvolvimento celular do organismo<\/span><\/span><\/li>\n<li><span style=\"font-family: Arial, sans-serif;\"><span style=\"font-size: large;\">Auxilia na diminui\u00e7\u00e3o das dores articulares<\/span><\/span><\/li>\n<\/ul>\n<p><span style=\"font-family: Arial, sans-serif;\"><span style=\"font-size: large;\">Esta vers\u00e3o vem com a novidade das pastilhas de infravermelho pr\u00f3ximo EVI Antibact\u00e9ria, a qual tem extrema afinidade com as mol\u00e9culas de \u00e1gua, gerando vibra\u00e7\u00f5es que potencializam o processo de infravermelho no organismo.<\/span><\/span><\/p>\n<p><span style=\"font-family: Arial, sans-serif;\"><span style=\"font-size: large;\">Esta nova gera\u00e7\u00e3o ainda elimina 99,99% das bact\u00e9rias e fungos, mantendo o local mais seguro. <\/span><\/span><\/p>\n","protected":false},"excerpt":{"rendered":"<h1>Perfilado High-tech Pastilhado Gold &#8211; Queen<\/h1>\n<p>O Perfilado High-tech \u00e9 uma espuma de poliuretano que recebe tratamento de 22 produtos especiais, incluindo com agentes antibacterianos e antifungos. O alto relevo do perfilado high tech proporciona uma auto-massagem relaxante do tipo do-in, isto \u00e9, seu formato faz ter a sensa\u00e7\u00e3o de centenas de dedos massageando seu corpo. O baixo relevo facilita a evapora\u00e7\u00e3o da transpira\u00e7\u00e3o, evitando a prolifera\u00e7\u00e3o de fungos e bact\u00e9rias por ser porosa, ajuda a ter uma boa ventila\u00e7\u00e3o, permitindo que o corpo respire mais durante o sono, diminuindo a transpira\u00e7\u00e3o e facilitando sua evapora\u00e7\u00e3o, colaborando para um melhor funcionamento do sistema respirat\u00f3rio, tendo o campo de dormir higienizado e livre de bact\u00e9rias.<\/p>\n<h3>MEDIDAS DOS PERFILADOS:<\/h3>\n<p><i class=\"qode_icon_font_awesome fa fa-check qode_icon_element\"><\/i>\u00a0Casal: 1,36 x 1,86 m<\/p>\n<p>250 &#8211; Im\u00e3s magn\u00e9ticos<\/p>\n<p>250 &#8211; Infravermelho longo antibact\u00e9ria<\/p>\n","protected":false},"featured_media":4837,"comment_status":"open","ping_status":"closed","template":"","meta":[],"product_brand":[],"product_cat":[144,711,726],"product_tag":[718,720,702,719,717],"class_list":{"0":"post-4848","1":"product","2":"type-product","3":"status-publish","4":"has-post-thumbnail","6":"product_cat-linha-bem-estar-bem","7":"product_cat-perfilado-high-tech-gold","8":"product_cat-perfilado-pastilhado-infra-longo-e-proximo","9":"product_tag-colchao","10":"product_tag-high-tech","11":"product_tag-ima","12":"product_tag-infravermelho","13":"product_tag-perfilado","14":"pa_tamanho-casal-136-x-186-cm","15":"pa_tamanho-king-191-x-201-cm","16":"pa_tamanho-qeen-156-x-196-cm","17":"pa_tamanho-solteiro-086-x-186-cm","19":"first","20":"instock","21":"taxable","22":"shipping-taxable","23":"purchasable","24":"product-type-variable","25":"has-default-attributes"},"yoast_head":"<!-- This site is optimized with the Yoast SEO plugin v27.4 - https:\/\/yoast.com\/product\/yoast-seo-wordpress\/ -->\n<title>Perfilado High-tech Gold Pastilhado Especial - Dicomag<\/title>\n<meta name=\"description\" content=\"Perfilado High-tech Gold Pastilhado Especial uma espuma de poliuretano que recebe tratamento de 22 produtos especiais agentes antibacterianos e antifungos.\" \/>\n<meta name=\"robots\" content=\"index, follow, max-snippet:-1, max-image-preview:large, max-video-preview:-1\" \/>\n<link rel=\"canonical\" href=\"https:\/\/dicomag.com.br\/?product=perfilado-high-tech-queen\" \/>\n<meta property=\"og:locale\" content=\"pt_BR\" \/>\n<meta property=\"og:type\" content=\"article\" \/>\n<meta property=\"og:title\" content=\"Perfilado High-tech Gold Pastilhado Especial - Dicomag\" \/>\n<meta property=\"og:description\" content=\"Perfilado High-tech Gold Pastilhado Especial uma espuma de poliuretano que recebe tratamento de 22 produtos especiais agentes antibacterianos e antifungos.\" \/>\n<meta property=\"og:url\" content=\"https:\/\/dicomag.com.br\/?product=perfilado-high-tech-queen\" \/>\n<meta property=\"og:site_name\" content=\"Dicomag\" \/>\n<meta property=\"article:publisher\" content=\"https:\/\/www.facebook.com\/dicomagpoa\/\" \/>\n<meta property=\"article:modified_time\" content=\"2022-12-06T18:49:35+00:00\" \/>\n<meta property=\"og:image\" content=\"http:\/\/dicomag.com.br\/wp-content\/uploads\/2021\/08\/Perfilado-Pastilhado-Ima-Pastilha-Infravermelho-2.jpg\" \/>\n\t<meta property=\"og:image:width\" content=\"530\" \/>\n\t<meta property=\"og:image:height\" content=\"535\" \/>\n\t<meta property=\"og:image:type\" content=\"image\/jpeg\" \/>\n<meta name=\"twitter:card\" content=\"summary_large_image\" \/>\n<meta name=\"twitter:label1\" content=\"Est. tempo de leitura\" \/>\n\t<meta name=\"twitter:data1\" content=\"4 minutos\" \/>\n<script type=\"application\/ld+json\" class=\"yoast-schema-graph\">{\"@context\":\"https:\\\/\\\/schema.org\",\"@graph\":[{\"@type\":\"WebPage\",\"@id\":\"https:\\\/\\\/dicomag.com.br\\\/?product=perfilado-high-tech-queen\",\"url\":\"https:\\\/\\\/dicomag.com.br\\\/?product=perfilado-high-tech-queen\",\"name\":\"Perfilado High-tech Gold Pastilhado Especial - Dicomag\",\"isPartOf\":{\"@id\":\"https:\\\/\\\/dicomag.com.br\\\/#website\"},\"primaryImageOfPage\":{\"@id\":\"https:\\\/\\\/dicomag.com.br\\\/?product=perfilado-high-tech-queen#primaryimage\"},\"image\":{\"@id\":\"https:\\\/\\\/dicomag.com.br\\\/?product=perfilado-high-tech-queen#primaryimage\"},\"thumbnailUrl\":\"https:\\\/\\\/dicomag.com.br\\\/wp-content\\\/uploads\\\/2021\\\/08\\\/Perfilado-Pastilhado-Ima-Pastilha-Infravermelho-2.jpg\",\"datePublished\":\"2021-08-10T17:35:09+00:00\",\"dateModified\":\"2022-12-06T18:49:35+00:00\",\"description\":\"Perfilado High-tech Gold Pastilhado Especial uma espuma de poliuretano que recebe tratamento de 22 produtos especiais agentes antibacterianos e antifungos.\",\"breadcrumb\":{\"@id\":\"https:\\\/\\\/dicomag.com.br\\\/?product=perfilado-high-tech-queen#breadcrumb\"},\"inLanguage\":\"pt-BR\",\"potentialAction\":[{\"@type\":\"ReadAction\",\"target\":[\"https:\\\/\\\/dicomag.com.br\\\/?product=perfilado-high-tech-queen\"]}]},{\"@type\":\"ImageObject\",\"inLanguage\":\"pt-BR\",\"@id\":\"https:\\\/\\\/dicomag.com.br\\\/?product=perfilado-high-tech-queen#primaryimage\",\"url\":\"https:\\\/\\\/dicomag.com.br\\\/wp-content\\\/uploads\\\/2021\\\/08\\\/Perfilado-Pastilhado-Ima-Pastilha-Infravermelho-2.jpg\",\"contentUrl\":\"https:\\\/\\\/dicomag.com.br\\\/wp-content\\\/uploads\\\/2021\\\/08\\\/Perfilado-Pastilhado-Ima-Pastilha-Infravermelho-2.jpg\",\"width\":530,\"height\":535,\"caption\":\"Perfilado High-tech Pastilhado Gold\"},{\"@type\":\"BreadcrumbList\",\"@id\":\"https:\\\/\\\/dicomag.com.br\\\/?product=perfilado-high-tech-queen#breadcrumb\",\"itemListElement\":[{\"@type\":\"ListItem\",\"position\":1,\"name\":\"In\u00edcio\",\"item\":\"https:\\\/\\\/dicomag.com.br\\\/\"},{\"@type\":\"ListItem\",\"position\":2,\"name\":\"Shop\",\"item\":\"https:\\\/\\\/dicomag.com.br\\\/\"},{\"@type\":\"ListItem\",\"position\":3,\"name\":\"Perfilado High-tech Gold Pastilhado Especial\"}]},{\"@type\":\"WebSite\",\"@id\":\"https:\\\/\\\/dicomag.com.br\\\/#website\",\"url\":\"https:\\\/\\\/dicomag.com.br\\\/\",\"name\":\"Dicomag\",\"description\":\"Imas\",\"publisher\":{\"@id\":\"https:\\\/\\\/dicomag.com.br\\\/#organization\"},\"potentialAction\":[{\"@type\":\"SearchAction\",\"target\":{\"@type\":\"EntryPoint\",\"urlTemplate\":\"https:\\\/\\\/dicomag.com.br\\\/?s={search_term_string}\"},\"query-input\":{\"@type\":\"PropertyValueSpecification\",\"valueRequired\":true,\"valueName\":\"search_term_string\"}}],\"inLanguage\":\"pt-BR\"},{\"@type\":\"Organization\",\"@id\":\"https:\\\/\\\/dicomag.com.br\\\/#organization\",\"name\":\"Dicomag\",\"url\":\"https:\\\/\\\/dicomag.com.br\\\/\",\"logo\":{\"@type\":\"ImageObject\",\"inLanguage\":\"pt-BR\",\"@id\":\"https:\\\/\\\/dicomag.com.br\\\/#\\\/schema\\\/logo\\\/image\\\/\",\"url\":\"https:\\\/\\\/dicomag.com.br\\\/wp-content\\\/uploads\\\/2019\\\/04\\\/Logo-Dicomag-Comemorativo-jpeg2.png\",\"contentUrl\":\"https:\\\/\\\/dicomag.com.br\\\/wp-content\\\/uploads\\\/2019\\\/04\\\/Logo-Dicomag-Comemorativo-jpeg2.png\",\"width\":457,\"height\":174,\"caption\":\"Dicomag\"},\"image\":{\"@id\":\"https:\\\/\\\/dicomag.com.br\\\/#\\\/schema\\\/logo\\\/image\\\/\"},\"sameAs\":[\"https:\\\/\\\/www.facebook.com\\\/dicomagpoa\\\/\"]}]}<\/script>\n<!-- \/ Yoast SEO plugin. -->","yoast_head_json":{"title":"Perfilado High-tech Gold Pastilhado Especial - Dicomag","description":"Perfilado High-tech Gold Pastilhado Especial uma espuma de poliuretano que recebe tratamento de 22 produtos especiais agentes antibacterianos e antifungos.","robots":{"index":"index","follow":"follow","max-snippet":"max-snippet:-1","max-image-preview":"max-image-preview:large","max-video-preview":"max-video-preview:-1"},"canonical":"https:\/\/dicomag.com.br\/?product=perfilado-high-tech-queen","og_locale":"pt_BR","og_type":"article","og_title":"Perfilado High-tech Gold Pastilhado Especial - Dicomag","og_description":"Perfilado High-tech Gold Pastilhado Especial uma espuma de poliuretano que recebe tratamento de 22 produtos especiais agentes antibacterianos e antifungos.","og_url":"https:\/\/dicomag.com.br\/?product=perfilado-high-tech-queen","og_site_name":"Dicomag","article_publisher":"https:\/\/www.facebook.com\/dicomagpoa\/","article_modified_time":"2022-12-06T18:49:35+00:00","og_image":[{"width":530,"height":535,"url":"http:\/\/dicomag.com.br\/wp-content\/uploads\/2021\/08\/Perfilado-Pastilhado-Ima-Pastilha-Infravermelho-2.jpg","type":"image\/jpeg"}],"twitter_card":"summary_large_image","twitter_misc":{"Est. tempo de leitura":"4 minutos"},"schema":{"@context":"https:\/\/schema.org","@graph":[{"@type":"WebPage","@id":"https:\/\/dicomag.com.br\/?product=perfilado-high-tech-queen","url":"https:\/\/dicomag.com.br\/?product=perfilado-high-tech-queen","name":"Perfilado High-tech Gold Pastilhado Especial - Dicomag","isPartOf":{"@id":"https:\/\/dicomag.com.br\/#website"},"primaryImageOfPage":{"@id":"https:\/\/dicomag.com.br\/?product=perfilado-high-tech-queen#primaryimage"},"image":{"@id":"https:\/\/dicomag.com.br\/?product=perfilado-high-tech-queen#primaryimage"},"thumbnailUrl":"https:\/\/dicomag.com.br\/wp-content\/uploads\/2021\/08\/Perfilado-Pastilhado-Ima-Pastilha-Infravermelho-2.jpg","datePublished":"2021-08-10T17:35:09+00:00","dateModified":"2022-12-06T18:49:35+00:00","description":"Perfilado High-tech Gold Pastilhado Especial uma espuma de poliuretano que recebe tratamento de 22 produtos especiais agentes antibacterianos e antifungos.","breadcrumb":{"@id":"https:\/\/dicomag.com.br\/?product=perfilado-high-tech-queen#breadcrumb"},"inLanguage":"pt-BR","potentialAction":[{"@type":"ReadAction","target":["https:\/\/dicomag.com.br\/?product=perfilado-high-tech-queen"]}]},{"@type":"ImageObject","inLanguage":"pt-BR","@id":"https:\/\/dicomag.com.br\/?product=perfilado-high-tech-queen#primaryimage","url":"https:\/\/dicomag.com.br\/wp-content\/uploads\/2021\/08\/Perfilado-Pastilhado-Ima-Pastilha-Infravermelho-2.jpg","contentUrl":"https:\/\/dicomag.com.br\/wp-content\/uploads\/2021\/08\/Perfilado-Pastilhado-Ima-Pastilha-Infravermelho-2.jpg","width":530,"height":535,"caption":"Perfilado High-tech Pastilhado Gold"},{"@type":"BreadcrumbList","@id":"https:\/\/dicomag.com.br\/?product=perfilado-high-tech-queen#breadcrumb","itemListElement":[{"@type":"ListItem","position":1,"name":"In\u00edcio","item":"https:\/\/dicomag.com.br\/"},{"@type":"ListItem","position":2,"name":"Shop","item":"https:\/\/dicomag.com.br\/"},{"@type":"ListItem","position":3,"name":"Perfilado High-tech Gold Pastilhado Especial"}]},{"@type":"WebSite","@id":"https:\/\/dicomag.com.br\/#website","url":"https:\/\/dicomag.com.br\/","name":"Dicomag","description":"Imas","publisher":{"@id":"https:\/\/dicomag.com.br\/#organization"},"potentialAction":[{"@type":"SearchAction","target":{"@type":"EntryPoint","urlTemplate":"https:\/\/dicomag.com.br\/?s={search_term_string}"},"query-input":{"@type":"PropertyValueSpecification","valueRequired":true,"valueName":"search_term_string"}}],"inLanguage":"pt-BR"},{"@type":"Organization","@id":"https:\/\/dicomag.com.br\/#organization","name":"Dicomag","url":"https:\/\/dicomag.com.br\/","logo":{"@type":"ImageObject","inLanguage":"pt-BR","@id":"https:\/\/dicomag.com.br\/#\/schema\/logo\/image\/","url":"https:\/\/dicomag.com.br\/wp-content\/uploads\/2019\/04\/Logo-Dicomag-Comemorativo-jpeg2.png","contentUrl":"https:\/\/dicomag.com.br\/wp-content\/uploads\/2019\/04\/Logo-Dicomag-Comemorativo-jpeg2.png","width":457,"height":174,"caption":"Dicomag"},"image":{"@id":"https:\/\/dicomag.com.br\/#\/schema\/logo\/image\/"},"sameAs":["https:\/\/www.facebook.com\/dicomagpoa\/"]}]}},"_links":{"self":[{"href":"https:\/\/dicomag.com.br\/index.php?rest_route=\/wp\/v2\/product\/4848","targetHints":{"allow":["GET"]}}],"collection":[{"href":"https:\/\/dicomag.com.br\/index.php?rest_route=\/wp\/v2\/product"}],"about":[{"href":"https:\/\/dicomag.com.br\/index.php?rest_route=\/wp\/v2\/types\/product"}],"replies":[{"embeddable":true,"href":"https:\/\/dicomag.com.br\/index.php?rest_route=%2Fwp%2Fv2%2Fcomments&post=4848"}],"wp:featuredmedia":[{"embeddable":true,"href":"https:\/\/dicomag.com.br\/index.php?rest_route=\/wp\/v2\/media\/4837"}],"wp:attachment":[{"href":"https:\/\/dicomag.com.br\/index.php?rest_route=%2Fwp%2Fv2%2Fmedia&parent=4848"}],"wp:term":[{"taxonomy":"product_brand","embeddable":true,"href":"https:\/\/dicomag.com.br\/index.php?rest_route=%2Fwp%2Fv2%2Fproduct_brand&post=4848"},{"taxonomy":"product_cat","embeddable":true,"href":"https:\/\/dicomag.com.br\/index.php?rest_route=%2Fwp%2Fv2%2Fproduct_cat&post=4848"},{"taxonomy":"product_tag","embeddable":true,"href":"https:\/\/dicomag.com.br\/index.php?rest_route=%2Fwp%2Fv2%2Fproduct_tag&post=4848"}],"curies":[{"name":"wp","href":"https:\/\/api.w.org\/{rel}","templated":true}]}}