{"id":4849,"date":"2021-08-10T18:04:00","date_gmt":"2021-08-10T18:04:00","guid":{"rendered":"https:\/\/dicomag.com.br\/?post_type=product&#038;p=4849"},"modified":"2022-12-21T12:48:03","modified_gmt":"2022-12-21T12:48:03","slug":"kits-infravermelho-e-magnetos-para-perfilados","status":"publish","type":"product","link":"https:\/\/dicomag.com.br\/?product=kits-infravermelho-e-magnetos-para-perfilados","title":{"rendered":"Kits Infravermelho e Magnetos para Perfilados"},"content":{"rendered":"<h1><span style=\"color: #000000;\"><span style=\"font-family: Arial, sans-serif;\"><span style=\"font-size: large;\">Kits Infravermelho e Magnetos para Perfilados<\/span><\/span><\/span><\/h1>\n<p><span style=\"color: #000000;\"><span style=\"font-family: Arial, sans-serif;\"><span style=\"font-size: large;\">Kits Infravermelho e Magnetos para Perfilados, vem com o intuito de facilitar sua vida na busca por uma melhor qualidade de sono.<\/span><\/span><\/span><\/p>\n<p><span style=\"color: #000000;\"><span style=\"font-family: Arial, sans-serif;\"><span style=\"font-size: large;\">Assim como s\u00e3o formado por um conjunto de im\u00e3s de ferrite de 800 gauss + infravemelhos antibacteria e anti-mofo, que visam complementar a forma\u00e7\u00e3o de um colch\u00e3o propricio a tratar o corpo enquanto dorme.<\/span><\/span><\/span><\/p>\n<p><span style=\"color: #000000;\"><span style=\"font-family: Arial, sans-serif;\"><span style=\"font-size: large;\">De acordo com pesquisas sobre tratamentos preventivos durante o sono que surgiram em meados da d\u00e9cada de 50, tem evolu\u00eddo gradativamente at\u00e9 hoje.<\/span><\/span><\/span><\/p>\n<p><span style=\"color: #000000;\"><span style=\"font-family: Arial, sans-serif;\"><span style=\"font-size: large;\">Dessa forma as tecnologias aplicadas as espumas que formam os colch\u00f5es e travesseiros evolu\u00edram muito.<\/span><\/span><\/span><\/p>\n<p><span style=\"color: #000000;\"><span style=\"font-family: Arial, sans-serif;\"><span style=\"font-size: large;\">Ao passo que, calculamos para o seu perfilado a quantidades de im\u00e3s e infravermelhos adequadas para criar um campo magnetico e de infravermelho.<\/span><\/span><\/span><\/p>\n<h2>Visando isto o que mais nos importa nos Kits Infravermelho e Magnetos para Perfilados:<\/h2>\n<p><span style=\"color: #000000;\"><span style=\"font-family: Arial, sans-serif;\"><span style=\"font-size: large;\">Kits Infravermelho e Magnetos para Perfilados, pensa em proporcionar um <strong>sono confort\u00e1vel <\/strong>e <strong>qualidade de vida.<\/strong><\/span><\/span><\/span><\/p>\n<p><span style=\"color: #000000;\"><span style=\"font-family: Arial, sans-serif;\"><span style=\"font-size: large;\">A fim de que, trabalhamos na produ\u00e7\u00e3o e comercializa\u00e7\u00e3o de diferentes tipos kits que atendam as medidas de seu colch\u00e3o.<\/span><\/span><\/span><\/p>\n<p><span style=\"color: #000000;\"><span style=\"font-family: Arial, sans-serif;\"><span style=\"font-size: large;\">Enquanto os im\u00e3s de ferrite que compoem o kit, s\u00e3o de produ\u00e7\u00e3o nacional e possuem laudo t\u00e9cnico que comprovam suas caracteristicas.<\/span><\/span><\/span><\/p>\n<p><span style=\"color: #000000;\"><span style=\"font-family: Arial, sans-serif;\"><span style=\"font-size: large;\">Assim como seu formato facilita a coloca\u00e7\u00e3o em nossos perfilados, tem garantia de \u00f3tima qualidade e intensidade magn\u00e9tica de 800 gauss. <\/span><\/span><\/span><\/p>\n<p><span style=\"color: #000000;\"><span style=\"font-family: Arial, sans-serif;\"><span style=\"font-size: large;\">Segundo estudos o campo magn\u00e9tico gerado pelas pastilhas aplicadas proporcionam dezenas de benef\u00edcios preventivos para nossa sa\u00fade.<\/span><\/span><\/span><\/p>\n<h2>Segue abaixo alguns destes beneficios:<\/h2>\n<p><span style=\"color: #000000;\"><span style=\"font-family: Arial, sans-serif;\"><span style=\"font-size: large;\">Kits Infravermelho e Magnetos para Perfilados:<\/span><\/span><\/span><\/p>\n<ul>\n<li>\n<p align=\"left\"><span style=\"font-family: Arial, sans-serif;\"><span style=\"font-size: large;\"><span style=\"color: #000000;\">Ajuda no al\u00edvio de dores na regi\u00e3o lombar.<\/span><\/span><\/span><\/p>\n<\/li>\n<li>\n<p align=\"left\"><span style=\"font-family: Arial, sans-serif;\"><span style=\"font-size: large;\"><span style=\"color: #000000;\">Ajuda na preven\u00e7\u00e3o de varizes c\u00e3ibra, tens\u00f5es e dores musculares.<\/span><\/span><\/span><\/p>\n<\/li>\n<li>\n<p align=\"left\"><span style=\"font-family: Arial, sans-serif;\"><span style=\"font-size: large;\"><span style=\"color: #000000;\">Ajuda de preven\u00e7\u00e3o do controle da press\u00e3o arterial.<\/span><\/span><\/span><\/p>\n<\/li>\n<li>\n<p align=\"left\"><span style=\"font-family: Arial, sans-serif;\"><span style=\"font-size: large;\"><span style=\"color: #000000;\">Ajuda na desintoxica\u00e7\u00e3o do organismo.<\/span><\/span><\/span><\/p>\n<\/li>\n<\/ul>\n<p align=\"left\"><span style=\"font-family: Arial, sans-serif;\"><span style=\"font-size: large;\"><span style=\"color: #000000;\">N\u00e3o existem evid\u00eancias cient\u00edficas de que o magnetismo durante o sono cause algum dano \u00e0 sa\u00fade da gestante ou do beb\u00ea ou da pessoa. <\/span><\/span><\/span><\/p>\n<p align=\"left\"><span style=\"font-family: Arial, sans-serif;\"><span style=\"font-size: large;\"><span style=\"color: #000000;\">Os efeitos de ondas de radia\u00e7\u00e3o eletromagn\u00e9ticas advindas de celulares, micro-ondas e exames de resson\u00e2ncia na sa\u00fade das gr\u00e1vidas est\u00e3o em estudos, mas isso n\u00e3o inclui o magnetismo natural dos im\u00e3s.<\/span><\/span><\/span><\/p>\n<p align=\"left\"><span style=\"font-family: Arial, sans-serif;\"><span style=\"font-size: large;\"><span style=\"color: #000000;\">O uso de um campo magn\u00e9tico provou ser uma ferramenta valiosa no tratamento de hipertens\u00e3o arterial, c\u00f3licas renais e menstruais, problemas de m\u00e1 circula\u00e7\u00e3o, entre outros.<\/span><\/span><\/span><\/p>\n<h2 align=\"left\">H\u00e1 Contra-indica\u00e7\u00f5es kits de Infravermelho e Magnetos para Perfilados ?<\/h2>\n<p align=\"left\"><span style=\"font-family: Arial, sans-serif;\"><span style=\"font-size: large;\"><span style=\"color: #000000;\">N\u00e3o h\u00e1 contraindica\u00e7\u00f5es do uso dos im\u00e3s magn\u00e9ticos para pessoas portadoras de pinos e outras pr\u00f3teses met\u00e1licas.<\/span><\/span><\/span><\/p>\n<p align=\"left\"><span style=\"font-family: Arial, sans-serif;\"><span style=\"font-size: large;\"><span style=\"color: #000000;\">Podemos dormir tranquilamente em um perfilado com im\u00e3s, apenas existe restri\u00e7\u00e3o para usuarios de marcapasso, estes devem consultar e ter a aprova\u00e7\u00e3o de um cardiologista.<\/span><\/span><\/span><\/p>\n<p align=\"left\"><span style=\"font-family: Arial, sans-serif;\"><span style=\"font-size: large;\"><span style=\"color: #000000;\">Neste caso, \u00e9 contraindicado, pois os im\u00e3s podem descarregar a bateria do aparelho, por\u00e9m, com a evolu\u00e7\u00e3o tecnol\u00f3gica, existem marca-passos blindados a interfer\u00eancias de campos magn\u00e9ticos.<\/span><\/span><\/span><\/p>\n<h2 align=\"left\">Agora falando das pastilhas de Infravermelho longo que vem nos kits de Infravermelho e Magnetos para Perfilados:<\/h2>\n<p align=\"left\"><span style=\"font-family: Arial, sans-serif;\"><span style=\"font-size: large;\"><span style=\"color: #000000;\">J\u00e1 as pastilhas de infravermelho longo antibacteriano e antimofo al\u00e9m de seus beneficios naturais, tem em sua composi\u00e7\u00e3o nanoparticulas de prata, garantindo assim 99,99% de elimina\u00e7\u00e3o das bact\u00e9rias e fungos, capaz de eliminar at\u00e9 3332 micro-organismos agressores da sa\u00fade humana.<\/span><\/span><\/span><\/p>\n<p align=\"left\"><span style=\"font-family: Arial, sans-serif;\"><span style=\"font-size: large;\"><span style=\"color: #000000;\">Tudo isto comprovados atrav\u00e9s de laudos tecnicos que atestam 100% de emiss\u00e3o de infravermelho longo antibacteriano e antimofo.<\/span><\/span><\/span><\/p>\n<p align=\"left\"><span style=\"font-family: Arial, sans-serif;\"><span style=\"font-size: large;\"><span style=\"color: #000000;\">Tem seu formato especial para melhor encaixe no perfilado, n\u00e3o precisando usar assim muita cola.<\/span><\/span><\/span><\/p>\n<p align=\"left\"><span style=\"font-family: Arial, sans-serif;\"><span style=\"font-size: large;\"><span style=\"color: #000000;\">Al\u00e9m disto veja mais benef\u00edcios do infravermelho longo podera trazer a sua vida:<\/span><\/span><\/span><\/p>\n<ul>\n<li>\n<p align=\"left\"><span style=\"font-family: Arial, sans-serif;\"><span style=\"font-size: large;\"><span style=\"color: #000000;\">Melhora preventiva na circula\u00e7\u00e3o do sangue.<\/span><\/span><\/span><\/p>\n<\/li>\n<li>\n<p align=\"left\"><span style=\"font-family: Arial, sans-serif;\"><span style=\"font-size: large;\"><span style=\"color: #000000;\">Redu\u00e7\u00e3o do \u00e1cido l\u00e1tico.<\/span><\/span><\/span><\/p>\n<\/li>\n<li>\n<p align=\"left\"><span style=\"font-family: Arial, sans-serif;\"><span style=\"font-size: large;\"><span style=\"color: #000000;\">Combate as doen\u00e7as relacionadas a ins\u00f4nia.<\/span><\/span><\/span><\/p>\n<\/li>\n<li>\n<p align=\"left\"><span style=\"font-family: Arial, sans-serif;\"><span style=\"font-size: large;\"><span style=\"color: #000000;\">Auxilia na Renova\u00e7\u00e3o celular, ajudando a liminar toxinas.<\/span><\/span><\/span><\/p>\n<\/li>\n<li>\n<p align=\"left\"><span style=\"font-family: Arial, sans-serif;\"><span style=\"font-size: large;\"><span style=\"color: #000000;\">Melhora no crescimento e desenvolvimento celular do organismo.<\/span><\/span><\/span><\/p>\n<\/li>\n<\/ul>\n<p align=\"left\"><span style=\"font-family: Arial, sans-serif;\"><span style=\"font-size: large;\"><span style=\"color: #000000;\">Al\u00e9m disto, nos Kits Infravermelho e Magnetos para Perfilados tem as radia\u00e7\u00f5es do infravermelho longo que s\u00e3o incorporadas a colch\u00f5es agem primeiramente na pele, quebrando as concentra\u00e7\u00f5es de mol\u00e9culas de \u00e1gua, restaurando a circula\u00e7\u00e3o e eliminando toxinas.<\/span><\/span><\/span><\/p>\n<p align=\"left\"><span style=\"font-family: Arial, sans-serif;\"><span style=\"font-size: large;\"><span style=\"color: #000000;\">Os \u00edm\u00e3s que comp\u00f5em a estrutura desse colch\u00e3o, normalmente, s\u00e3o de alto relevo para massagear quem deita sobre a pe\u00e7a. Al\u00e9m disso, o campo eletromagn\u00e9tico criado por esses \u00edm\u00e3s e patilhas de infravermelho trabalham aumentando o movimento de alguns componentes e subst\u00e2ncias corporais.<\/span><\/span><\/span><\/p>\n<p align=\"left\"><span style=\"font-family: Arial, sans-serif;\"><span style=\"font-size: large;\"><span style=\"color: #000000;\">Essa tecnologia \u00e9 usada para observar o bloqueio dos vasos sangu\u00edneos. Nesse sentido, por meio desse exame, \u00e9 poss\u00edvel ver a regi\u00e3o mal irrigada onde apresenta menor temperatura, emitindo assim, menos radia\u00e7\u00e3o infravermelha. O resultado garante que doen\u00e7as cardiovascular, aterosclerose, ateroma, etc.<\/span><\/span><\/span><\/p>\n<p align=\"left\"><span style=\"font-family: Arial, sans-serif;\"><span style=\"font-size: large;\"><span style=\"color: #000000;\">Al\u00e9m de pura velocidade, a radia\u00e7\u00e3o infravermelha simplifica o aquecimento removendo a necessidade do contato direto entre um objeto quente e aquele que se deseja aquecer. O calor radiante pode ser controlado facilmente, aumentando ou diminuindo a for\u00e7a.<\/span><\/span><\/span><\/p>\n<p align=\"left\"><span style=\"font-family: Arial, sans-serif;\"><span style=\"font-size: large;\"><span style=\"color: #000000;\">O infravermelho longo traz ent\u00e3o como benef\u00edcio o aumento da imunidade do organismo, diminuindo inflama\u00e7\u00f5es e acelerando a elimina\u00e7\u00e3o do \u00e1cido l\u00e1tico e ainda atua como analg\u00e9sico, aliviando dores nas costas e articula\u00e7\u00f5es.<\/span><\/span><\/span><\/p>\n<h2 align=\"left\"><span style=\"font-family: Arial, sans-serif;\"><span style=\"font-size: large;\"><span style=\"color: #000000;\">O kits s\u00e3o formados pela quantidade abaixo:<\/span><\/span><\/span><\/h2>\n<ul>\n<li><span style=\"font-family: Arial, sans-serif;\"><span style=\"font-size: large;\"><span style=\"color: #000000;\">Tamanho Indicado Solteiro: 0,86 x 1,86 m<\/span><\/span><\/span>\n<p><span style=\"font-family: Arial, sans-serif;\"><span style=\"font-size: large;\"><span style=\"color: #000000;\">150 im\u00e3s de ferrite 800 gauss 12x6mm + 100 Infravermelho Longo Antibact\u00e9ria + 50 Infravermelho Antimofo<\/span><\/span><\/span><\/li>\n<li>\n<p align=\"left\"><span style=\"font-family: Arial, sans-serif;\"><span style=\"font-size: large;\"><span style=\"color: #000000;\">Tamanho Indicado Casal: 1,36 x 1,86 m<\/span><\/span><\/span><\/p>\n<p align=\"left\"><span style=\"font-family: Arial, sans-serif;\"><span style=\"font-size: large;\"><span style=\"color: #000000;\">300 im\u00e3s de ferrite 800 gauss 12x6mm + 175 Infravermelho Longo Antibact\u00e9ria + 75 Infravermelho Antimofo<\/span><\/span><\/span><\/p>\n<\/li>\n<li>\n<p align=\"left\"><span style=\"font-family: Arial, sans-serif;\"><span style=\"font-size: large;\"><span style=\"color: #000000;\">Tamanho Indicado Queen: 1,56 x 1,96 m<\/span><\/span><\/span><\/p>\n<p align=\"left\"><span style=\"font-family: Arial, sans-serif;\"><span style=\"font-size: large;\"><span style=\"color: #000000;\">300 im\u00e3s de ferrite 800 gauss 12x6mm + 200 Infravermelho Longo Antibact\u00e9ria + 100 Infravermelho Antimofo<\/span><\/span><\/span><\/p>\n<\/li>\n<li>\n<p align=\"left\"><span style=\"font-family: Arial, sans-serif;\"><span style=\"font-size: large;\"><span style=\"color: #000000;\">Tamanho Indicado King: 1,91 x 2,01 m<\/span><\/span><\/span><\/p>\n<p align=\"left\"><span style=\"font-family: Arial, sans-serif;\"><span style=\"font-size: large;\"><span style=\"color: #000000;\">400 im\u00e3s de ferrite 800 gauss 12x6mm + 275 Infravermelho Longo Antibact\u00e9ria + 125 Infravermelho Antimofo<\/span><\/span><\/span><\/p>\n<\/li>\n<\/ul>\n","protected":false},"excerpt":{"rendered":"<h1>Perfilado High-tech Pastilhado Gold &#8211; King<\/h1>\n<p>O Perfilado High-tech \u00e9 uma espuma de poliuretano que recebe tratamento de 22 produtos especiais, incluindo com agentes antibacterianos e antifungos. O alto relevo do perfilado high tech proporciona uma auto-massagem relaxante do tipo do-in, isto \u00e9, seu formato faz ter a sensa\u00e7\u00e3o de centenas de dedos massageando seu corpo. O baixo relevo facilita a evapora\u00e7\u00e3o da transpira\u00e7\u00e3o, evitando a prolifera\u00e7\u00e3o de fungos e bact\u00e9rias por ser porosa, ajuda a ter uma boa ventila\u00e7\u00e3o, permitindo que o corpo respire mais durante o sono, diminuindo a transpira\u00e7\u00e3o e facilitando sua evapora\u00e7\u00e3o, colaborando para um melhor funcionamento do sistema respirat\u00f3rio, tendo o campo de dormir higienizado e livre de bact\u00e9rias.<\/p>\n<h3>MEDIDAS DOS PERFILADOS:<\/h3>\n<p><i class=\"qode_icon_font_awesome fa fa-check qode_icon_element\"><\/i>\u00a0King: 1,91 x 2,01 m<\/p>\n<p>300 &#8211; Im\u00e3s magn\u00e9ticos<\/p>\n<p>300 &#8211; Infravermelho longo antibact\u00e9ria<\/p>\n","protected":false},"featured_media":5115,"comment_status":"open","ping_status":"closed","template":"","meta":[],"product_brand":[],"product_cat":[729,144,711],"product_tag":[783,801,718,720,702,719,800,717],"class_list":{"0":"post-4849","1":"product","2":"type-product","3":"status-publish","4":"has-post-thumbnail","6":"product_cat-kits-infravermelho-e-imas","7":"product_cat-linha-bem-estar-bem","8":"product_cat-perfilado-high-tech-gold","9":"product_tag-antibacteriano","10":"product_tag-antimofo","11":"product_tag-colchao","12":"product_tag-high-tech","13":"product_tag-ima","14":"product_tag-infravermelho","15":"product_tag-megnetoterapia","16":"product_tag-perfilado","17":"pa_pacote-quantidade-casal","18":"pa_pacote-quantidade-king","19":"pa_pacote-quantidade-queen","20":"pa_pacote-quantidade-solteiro","22":"first","23":"instock","24":"taxable","25":"shipping-taxable","26":"product-type-variable"},"yoast_head":"<!-- This site is optimized with the Yoast SEO plugin v27.4 - https:\/\/yoast.com\/product\/yoast-seo-wordpress\/ -->\n<title>Kits Infravermelho e Magnetos para Perfilados - Dicomag<\/title>\n<meta name=\"description\" content=\"Kits Infravermelho e Magnetos para Perfilados, Pensando em proporcionar um sono confort\u00e1vel e qualidade de vida atrav\u00e9s de infravermelho e im\u00e3s.\" \/>\n<meta name=\"robots\" content=\"index, follow, max-snippet:-1, max-image-preview:large, max-video-preview:-1\" \/>\n<link rel=\"canonical\" href=\"https:\/\/dicomag.com.br\/?product=kits-infravermelho-e-magnetos-para-perfilados\" \/>\n<meta property=\"og:locale\" content=\"pt_BR\" \/>\n<meta property=\"og:type\" content=\"article\" \/>\n<meta property=\"og:title\" content=\"Kits Infravermelho e Magnetos para Perfilados - Dicomag\" \/>\n<meta property=\"og:description\" content=\"Kits Infravermelho e Magnetos para Perfilados, Pensando em proporcionar um sono confort\u00e1vel e qualidade de vida atrav\u00e9s de infravermelho e im\u00e3s.\" \/>\n<meta property=\"og:url\" content=\"https:\/\/dicomag.com.br\/?product=kits-infravermelho-e-magnetos-para-perfilados\" \/>\n<meta property=\"og:site_name\" content=\"Dicomag\" \/>\n<meta property=\"article:publisher\" content=\"https:\/\/www.facebook.com\/dicomagpoa\/\" \/>\n<meta property=\"article:modified_time\" content=\"2022-12-21T12:48:03+00:00\" \/>\n<meta property=\"og:image\" content=\"http:\/\/dicomag.com.br\/wp-content\/uploads\/2021\/08\/Kits-Imas-e-Infravermelho-1.png\" \/>\n\t<meta property=\"og:image:width\" content=\"1920\" \/>\n\t<meta property=\"og:image:height\" content=\"1080\" \/>\n\t<meta property=\"og:image:type\" content=\"image\/png\" \/>\n<meta name=\"twitter:card\" content=\"summary_large_image\" \/>\n<meta name=\"twitter:label1\" content=\"Est. tempo de leitura\" \/>\n\t<meta name=\"twitter:data1\" content=\"5 minutos\" \/>\n<script type=\"application\/ld+json\" class=\"yoast-schema-graph\">{\"@context\":\"https:\\\/\\\/schema.org\",\"@graph\":[{\"@type\":\"WebPage\",\"@id\":\"https:\\\/\\\/dicomag.com.br\\\/?product=kits-infravermelho-e-magnetos-para-perfilados\",\"url\":\"https:\\\/\\\/dicomag.com.br\\\/?product=kits-infravermelho-e-magnetos-para-perfilados\",\"name\":\"Kits Infravermelho e Magnetos para Perfilados - Dicomag\",\"isPartOf\":{\"@id\":\"https:\\\/\\\/dicomag.com.br\\\/#website\"},\"primaryImageOfPage\":{\"@id\":\"https:\\\/\\\/dicomag.com.br\\\/?product=kits-infravermelho-e-magnetos-para-perfilados#primaryimage\"},\"image\":{\"@id\":\"https:\\\/\\\/dicomag.com.br\\\/?product=kits-infravermelho-e-magnetos-para-perfilados#primaryimage\"},\"thumbnailUrl\":\"https:\\\/\\\/dicomag.com.br\\\/wp-content\\\/uploads\\\/2021\\\/08\\\/Kits-Imas-e-Infravermelho-1.png\",\"datePublished\":\"2021-08-10T18:04:00+00:00\",\"dateModified\":\"2022-12-21T12:48:03+00:00\",\"description\":\"Kits Infravermelho e Magnetos para Perfilados, Pensando em proporcionar um sono confort\u00e1vel e qualidade de vida atrav\u00e9s de infravermelho e im\u00e3s.\",\"breadcrumb\":{\"@id\":\"https:\\\/\\\/dicomag.com.br\\\/?product=kits-infravermelho-e-magnetos-para-perfilados#breadcrumb\"},\"inLanguage\":\"pt-BR\",\"potentialAction\":[{\"@type\":\"ReadAction\",\"target\":[\"https:\\\/\\\/dicomag.com.br\\\/?product=kits-infravermelho-e-magnetos-para-perfilados\"]}]},{\"@type\":\"ImageObject\",\"inLanguage\":\"pt-BR\",\"@id\":\"https:\\\/\\\/dicomag.com.br\\\/?product=kits-infravermelho-e-magnetos-para-perfilados#primaryimage\",\"url\":\"https:\\\/\\\/dicomag.com.br\\\/wp-content\\\/uploads\\\/2021\\\/08\\\/Kits-Imas-e-Infravermelho-1.png\",\"contentUrl\":\"https:\\\/\\\/dicomag.com.br\\\/wp-content\\\/uploads\\\/2021\\\/08\\\/Kits-Imas-e-Infravermelho-1.png\",\"width\":1920,\"height\":1080,\"caption\":\"Kits Infravermelho e Magnetos para Perfilados\"},{\"@type\":\"BreadcrumbList\",\"@id\":\"https:\\\/\\\/dicomag.com.br\\\/?product=kits-infravermelho-e-magnetos-para-perfilados#breadcrumb\",\"itemListElement\":[{\"@type\":\"ListItem\",\"position\":1,\"name\":\"In\u00edcio\",\"item\":\"https:\\\/\\\/dicomag.com.br\\\/\"},{\"@type\":\"ListItem\",\"position\":2,\"name\":\"Shop\",\"item\":\"https:\\\/\\\/dicomag.com.br\\\/\"},{\"@type\":\"ListItem\",\"position\":3,\"name\":\"Kits Infravermelho e Magnetos para Perfilados\"}]},{\"@type\":\"WebSite\",\"@id\":\"https:\\\/\\\/dicomag.com.br\\\/#website\",\"url\":\"https:\\\/\\\/dicomag.com.br\\\/\",\"name\":\"Dicomag\",\"description\":\"Imas\",\"publisher\":{\"@id\":\"https:\\\/\\\/dicomag.com.br\\\/#organization\"},\"potentialAction\":[{\"@type\":\"SearchAction\",\"target\":{\"@type\":\"EntryPoint\",\"urlTemplate\":\"https:\\\/\\\/dicomag.com.br\\\/?s={search_term_string}\"},\"query-input\":{\"@type\":\"PropertyValueSpecification\",\"valueRequired\":true,\"valueName\":\"search_term_string\"}}],\"inLanguage\":\"pt-BR\"},{\"@type\":\"Organization\",\"@id\":\"https:\\\/\\\/dicomag.com.br\\\/#organization\",\"name\":\"Dicomag\",\"url\":\"https:\\\/\\\/dicomag.com.br\\\/\",\"logo\":{\"@type\":\"ImageObject\",\"inLanguage\":\"pt-BR\",\"@id\":\"https:\\\/\\\/dicomag.com.br\\\/#\\\/schema\\\/logo\\\/image\\\/\",\"url\":\"https:\\\/\\\/dicomag.com.br\\\/wp-content\\\/uploads\\\/2019\\\/04\\\/Logo-Dicomag-Comemorativo-jpeg2.png\",\"contentUrl\":\"https:\\\/\\\/dicomag.com.br\\\/wp-content\\\/uploads\\\/2019\\\/04\\\/Logo-Dicomag-Comemorativo-jpeg2.png\",\"width\":457,\"height\":174,\"caption\":\"Dicomag\"},\"image\":{\"@id\":\"https:\\\/\\\/dicomag.com.br\\\/#\\\/schema\\\/logo\\\/image\\\/\"},\"sameAs\":[\"https:\\\/\\\/www.facebook.com\\\/dicomagpoa\\\/\"]}]}<\/script>\n<!-- \/ Yoast SEO plugin. -->","yoast_head_json":{"title":"Kits Infravermelho e Magnetos para Perfilados - Dicomag","description":"Kits Infravermelho e Magnetos para Perfilados, Pensando em proporcionar um sono confort\u00e1vel e qualidade de vida atrav\u00e9s de infravermelho e im\u00e3s.","robots":{"index":"index","follow":"follow","max-snippet":"max-snippet:-1","max-image-preview":"max-image-preview:large","max-video-preview":"max-video-preview:-1"},"canonical":"https:\/\/dicomag.com.br\/?product=kits-infravermelho-e-magnetos-para-perfilados","og_locale":"pt_BR","og_type":"article","og_title":"Kits Infravermelho e Magnetos para Perfilados - Dicomag","og_description":"Kits Infravermelho e Magnetos para Perfilados, Pensando em proporcionar um sono confort\u00e1vel e qualidade de vida atrav\u00e9s de infravermelho e im\u00e3s.","og_url":"https:\/\/dicomag.com.br\/?product=kits-infravermelho-e-magnetos-para-perfilados","og_site_name":"Dicomag","article_publisher":"https:\/\/www.facebook.com\/dicomagpoa\/","article_modified_time":"2022-12-21T12:48:03+00:00","og_image":[{"width":1920,"height":1080,"url":"http:\/\/dicomag.com.br\/wp-content\/uploads\/2021\/08\/Kits-Imas-e-Infravermelho-1.png","type":"image\/png"}],"twitter_card":"summary_large_image","twitter_misc":{"Est. tempo de leitura":"5 minutos"},"schema":{"@context":"https:\/\/schema.org","@graph":[{"@type":"WebPage","@id":"https:\/\/dicomag.com.br\/?product=kits-infravermelho-e-magnetos-para-perfilados","url":"https:\/\/dicomag.com.br\/?product=kits-infravermelho-e-magnetos-para-perfilados","name":"Kits Infravermelho e Magnetos para Perfilados - Dicomag","isPartOf":{"@id":"https:\/\/dicomag.com.br\/#website"},"primaryImageOfPage":{"@id":"https:\/\/dicomag.com.br\/?product=kits-infravermelho-e-magnetos-para-perfilados#primaryimage"},"image":{"@id":"https:\/\/dicomag.com.br\/?product=kits-infravermelho-e-magnetos-para-perfilados#primaryimage"},"thumbnailUrl":"https:\/\/dicomag.com.br\/wp-content\/uploads\/2021\/08\/Kits-Imas-e-Infravermelho-1.png","datePublished":"2021-08-10T18:04:00+00:00","dateModified":"2022-12-21T12:48:03+00:00","description":"Kits Infravermelho e Magnetos para Perfilados, Pensando em proporcionar um sono confort\u00e1vel e qualidade de vida atrav\u00e9s de infravermelho e im\u00e3s.","breadcrumb":{"@id":"https:\/\/dicomag.com.br\/?product=kits-infravermelho-e-magnetos-para-perfilados#breadcrumb"},"inLanguage":"pt-BR","potentialAction":[{"@type":"ReadAction","target":["https:\/\/dicomag.com.br\/?product=kits-infravermelho-e-magnetos-para-perfilados"]}]},{"@type":"ImageObject","inLanguage":"pt-BR","@id":"https:\/\/dicomag.com.br\/?product=kits-infravermelho-e-magnetos-para-perfilados#primaryimage","url":"https:\/\/dicomag.com.br\/wp-content\/uploads\/2021\/08\/Kits-Imas-e-Infravermelho-1.png","contentUrl":"https:\/\/dicomag.com.br\/wp-content\/uploads\/2021\/08\/Kits-Imas-e-Infravermelho-1.png","width":1920,"height":1080,"caption":"Kits Infravermelho e Magnetos para Perfilados"},{"@type":"BreadcrumbList","@id":"https:\/\/dicomag.com.br\/?product=kits-infravermelho-e-magnetos-para-perfilados#breadcrumb","itemListElement":[{"@type":"ListItem","position":1,"name":"In\u00edcio","item":"https:\/\/dicomag.com.br\/"},{"@type":"ListItem","position":2,"name":"Shop","item":"https:\/\/dicomag.com.br\/"},{"@type":"ListItem","position":3,"name":"Kits Infravermelho e Magnetos para Perfilados"}]},{"@type":"WebSite","@id":"https:\/\/dicomag.com.br\/#website","url":"https:\/\/dicomag.com.br\/","name":"Dicomag","description":"Imas","publisher":{"@id":"https:\/\/dicomag.com.br\/#organization"},"potentialAction":[{"@type":"SearchAction","target":{"@type":"EntryPoint","urlTemplate":"https:\/\/dicomag.com.br\/?s={search_term_string}"},"query-input":{"@type":"PropertyValueSpecification","valueRequired":true,"valueName":"search_term_string"}}],"inLanguage":"pt-BR"},{"@type":"Organization","@id":"https:\/\/dicomag.com.br\/#organization","name":"Dicomag","url":"https:\/\/dicomag.com.br\/","logo":{"@type":"ImageObject","inLanguage":"pt-BR","@id":"https:\/\/dicomag.com.br\/#\/schema\/logo\/image\/","url":"https:\/\/dicomag.com.br\/wp-content\/uploads\/2019\/04\/Logo-Dicomag-Comemorativo-jpeg2.png","contentUrl":"https:\/\/dicomag.com.br\/wp-content\/uploads\/2019\/04\/Logo-Dicomag-Comemorativo-jpeg2.png","width":457,"height":174,"caption":"Dicomag"},"image":{"@id":"https:\/\/dicomag.com.br\/#\/schema\/logo\/image\/"},"sameAs":["https:\/\/www.facebook.com\/dicomagpoa\/"]}]}},"_links":{"self":[{"href":"https:\/\/dicomag.com.br\/index.php?rest_route=\/wp\/v2\/product\/4849","targetHints":{"allow":["GET"]}}],"collection":[{"href":"https:\/\/dicomag.com.br\/index.php?rest_route=\/wp\/v2\/product"}],"about":[{"href":"https:\/\/dicomag.com.br\/index.php?rest_route=\/wp\/v2\/types\/product"}],"replies":[{"embeddable":true,"href":"https:\/\/dicomag.com.br\/index.php?rest_route=%2Fwp%2Fv2%2Fcomments&post=4849"}],"wp:featuredmedia":[{"embeddable":true,"href":"https:\/\/dicomag.com.br\/index.php?rest_route=\/wp\/v2\/media\/5115"}],"wp:attachment":[{"href":"https:\/\/dicomag.com.br\/index.php?rest_route=%2Fwp%2Fv2%2Fmedia&parent=4849"}],"wp:term":[{"taxonomy":"product_brand","embeddable":true,"href":"https:\/\/dicomag.com.br\/index.php?rest_route=%2Fwp%2Fv2%2Fproduct_brand&post=4849"},{"taxonomy":"product_cat","embeddable":true,"href":"https:\/\/dicomag.com.br\/index.php?rest_route=%2Fwp%2Fv2%2Fproduct_cat&post=4849"},{"taxonomy":"product_tag","embeddable":true,"href":"https:\/\/dicomag.com.br\/index.php?rest_route=%2Fwp%2Fv2%2Fproduct_tag&post=4849"}],"curies":[{"name":"wp","href":"https:\/\/api.w.org\/{rel}","templated":true}]}}